{"id":995,"date":"2022-05-12T18:38:57","date_gmt":"2022-05-12T15:38:57","guid":{"rendered":"http:\/\/www.italwaxfrance.fr\/particulier\/?post_type=product&#038;p=995"},"modified":"2026-03-18T15:45:39","modified_gmt":"2026-03-18T12:45:39","slug":"gel-apres-epilation-rafraichissant","status":"publish","type":"product","link":"https:\/\/italwaxfrance.fr\/particulier\/product\/gel-apres-epilation-rafraichissant\/","title":{"rendered":"Gel apr\u00e8s \u00e9pilation Rafraichissant"},"content":{"rendered":"<h3 data-start=\"198\" data-end=\"278\">Dites adieu aux rougeurs apr\u00e8s l&rsquo;\u00e9pilation avec notre Gel Rafra\u00eechissant \ud83d\udc99\u2728<\/h3>\n<p data-start=\"280\" data-end=\"413\">Votre peau m\u00e9rite le meilleur soin apr\u00e8s chaque \u00e9pilation. Notre <strong data-start=\"345\" data-end=\"383\">Gel apr\u00e8s \u00e9pilation Rafra\u00eechissant apr\u00e8s \u00e9pilation<\/strong> est l\u00e0 pour vous chouchouter.<\/p>\n<p data-start=\"415\" data-end=\"613\">D\u00e8s l\u2019application, il calme les irritations et apaise les zones sensibles. Sa formule est <strong data-start=\"505\" data-end=\"519\">sans huile<\/strong>, ce qui laisse la peau respirer. Il n\u2019obstrue pas les pores ni les follicules pileux ouverts.<\/p>\n<p data-start=\"615\" data-end=\"755\">Gr\u00e2ce au <strong data-start=\"624\" data-end=\"635\">menthol<\/strong>, vous ressentez imm\u00e9diatement une sensation de fra\u00eecheur intense. C\u2019est comme un souffle de soulagement sur votre peau.<\/p>\n<p data-start=\"757\" data-end=\"914\">Sa texture est l\u00e9g\u00e8re, non grasse, et fond sur la peau. Il p\u00e9n\u00e8tre rapidement, sans laisser de film collant. R\u00e9sultat ? Une peau douce, lisse et confortable.<\/p>\n<p data-start=\"916\" data-end=\"1106\">Ce gel apr\u00e8s \u00e9pilation rafra\u00eechissant est aussi enrichi en <strong data-start=\"944\" data-end=\"974\">extraits v\u00e9g\u00e9taux naturels<\/strong>. Il hydrate en profondeur et restaure l\u2019\u00e9quilibre de la peau. Il prot\u00e8ge des agressions et pr\u00e9vient les irritations post-\u00e9pilation.<\/p>\n<p data-start=\"1108\" data-end=\"1182\">Id\u00e9al pour toutes les zones sensibles :<br data-start=\"1147\" data-end=\"1150\" \/><strong data-start=\"1150\" data-end=\"1179\">Bikini, aisselles, <a href=\"https:\/\/italwaxfrance.fr\/particulier\/product\/selfie-cire-epilation-visage\/\"><em>visage<\/em><\/a><\/strong>.<\/p>\n<p data-start=\"1184\" data-end=\"1275\">Que vous utilisiez de la cire pelliculable ou de la p\u00e2te de sucre, ce soin est votre alli\u00e9.<\/p>\n<h3 data-start=\"1277\" data-end=\"1311\">Pourquoi vous allez l\u2019adorer :<\/h3>\n<ul data-start=\"1313\" data-end=\"1553\">\n<li data-start=\"1313\" data-end=\"1358\">\n<p data-start=\"1315\" data-end=\"1358\"><strong data-start=\"1315\" data-end=\"1329\">Sans huile<\/strong> : laisse la peau respirer.<\/p>\n<\/li>\n<li data-start=\"1359\" data-end=\"1402\">\n<p data-start=\"1361\" data-end=\"1402\"><strong data-start=\"1361\" data-end=\"1372\">Menthol<\/strong> : effet fra\u00eecheur imm\u00e9diat.<\/p>\n<\/li>\n<li data-start=\"1403\" data-end=\"1452\">\n<p data-start=\"1405\" data-end=\"1452\"><strong data-start=\"1405\" data-end=\"1428\">Hydratation intense<\/strong> et apaisement rapide.<\/p>\n<\/li>\n<li data-start=\"1453\" data-end=\"1510\">\n<p data-start=\"1455\" data-end=\"1510\"><strong data-start=\"1455\" data-end=\"1473\">Texture l\u00e9g\u00e8re<\/strong> : absorption en quelques secondes.<\/p>\n<\/li>\n<li data-start=\"1511\" data-end=\"1553\">\n<p data-start=\"1513\" data-end=\"1553\"><strong data-start=\"1513\" data-end=\"1536\">Z\u00e9ro r\u00e9sidu collant<\/strong>, que du confort.<\/p>\n<\/li>\n<\/ul>\n<h3 data-start=\"1555\" data-end=\"1579\">Comment l\u2019utiliser ?<\/h3>\n<p data-start=\"1581\" data-end=\"1712\">Appliquez une fine couche apr\u00e8s l\u2019\u00e9pilation. Massez doucement jusqu\u2019\u00e0 absorption. Si besoin, retirez l\u2019exc\u00e9dent avec une serviette.<\/p>\n<h3 data-start=\"1714\" data-end=\"1746\">Disponible en deux formats :<\/h3>\n<ul data-start=\"1748\" data-end=\"1863\">\n<li data-start=\"1748\" data-end=\"1795\">\n<p data-start=\"1750\" data-end=\"1795\"><strong data-start=\"1750\" data-end=\"1760\">100 ml<\/strong> : id\u00e9al pour un usage personnel.<\/p>\n<\/li>\n<li data-start=\"1796\" data-end=\"1863\">\n<p data-start=\"1798\" data-end=\"1863\"><strong data-start=\"1798\" data-end=\"1808\">250 ml<\/strong> : parfait pour les grandes zones ou un usage r\u00e9gulier.<\/p>\n<\/li>\n<\/ul>\n<p data-start=\"1865\" data-end=\"1991\">Prenez soin de votre peau apr\u00e8s chaque s\u00e9ance <a href=\"https:\/\/italwaxfrance.fr\/particulier\/product-category\/cires-hypoallergeniques-pelables-sans-colophane\/#\"><strong><em>d&rsquo;\u00e9pilation<\/em><\/strong><\/a>. Adoptez ce gel et sentez la diff\u00e9rence d\u00e8s la premi\u00e8re utilisation.<\/p>\n<p data-start=\"1993\" data-end=\"2032\" data-is-last-node=\"\" data-is-only-node=\"\">Votre peau va adorer. Et vous aussi. \ud83d\udc99<\/p>\n","protected":false},"excerpt":{"rendered":"<p>Dites adieu aux rougeurs apr\u00e8s l&rsquo;\u00e9pilation avec notre Gel Rafra\u00eechissant \ud83d\udc99\u2728 Votre peau m\u00e9rite le meilleur soin apr\u00e8s chaque \u00e9pilation. Notre Gel apr\u00e8s \u00e9pilation Rafra\u00eechissant apr\u00e8s \u00e9pilation est l\u00e0 pour vous chouchouter. D\u00e8s l\u2019application, il calme les irritations et apaise les zones sensibles. Sa formule est sans huile, ce qui laisse la peau respirer. Il&#8230; <a href=\"https:\/\/italwaxfrance.fr\/particulier\/product\/gel-apres-epilation-rafraichissant\/\">Read More<\/a><\/p>\n","protected":false},"featured_media":1000,"comment_status":"open","ping_status":"closed","template":"","meta":[],"product_brand":[],"product_cat":[17],"product_tag":[],"class_list":{"0":"post-995","1":"product","2":"type-product","3":"status-publish","4":"has-post-thumbnail","6":"product_cat-produits-post-epilation","8":"first","9":"instock","10":"taxable","11":"shipping-taxable","12":"purchasable","13":"product-type-variable"},"yoast_head":"<!-- This site is optimized with the Yoast SEO Premium plugin v27.2 (Yoast SEO v27.5) - https:\/\/yoast.com\/product\/yoast-seo-premium-wordpress\/ -->\n<title>Gel apr\u00e8s \u00e9pilation Rafraichissant - Italwax France Particulier<\/title>\n<meta name=\"description\" content=\"Apaisez votre peau apr\u00e8s l\u2019\u00e9pilation avec notre Gel Rafra\u00eechissant sans huile. Effet fra\u00eecheur imm\u00e9diat, texture l\u00e9g\u00e8re, hydrate et calme la peau.\" \/>\n<meta name=\"robots\" content=\"index, follow, max-snippet:-1, max-image-preview:large, max-video-preview:-1\" \/>\n<link rel=\"canonical\" href=\"https:\/\/italwaxfrance.fr\/particulier\/product\/gel-apres-epilation-rafraichissant\/\" \/>\n<meta property=\"og:locale\" content=\"fr_FR\" \/>\n<meta property=\"og:type\" content=\"article\" \/>\n<meta property=\"og:title\" content=\"Gel apr\u00e8s \u00e9pilation Rafraichissant\" \/>\n<meta property=\"og:description\" content=\"Apaisez votre peau apr\u00e8s l\u2019\u00e9pilation avec notre Gel Rafra\u00eechissant sans huile. Effet fra\u00eecheur imm\u00e9diat, texture l\u00e9g\u00e8re, hydrate et calme la peau.\" \/>\n<meta property=\"og:url\" content=\"https:\/\/italwaxfrance.fr\/particulier\/product\/gel-apres-epilation-rafraichissant\/\" \/>\n<meta property=\"og:site_name\" content=\"Italwax France Particulier\" \/>\n<meta property=\"article:modified_time\" content=\"2026-03-18T12:45:39+00:00\" \/>\n<meta property=\"og:image\" content=\"http:\/\/italwaxfrance.fr\/particulier\/wp-content\/uploads\/sites\/12\/2022\/05\/italwax-shop-after-wax-gel.jpg\" \/>\n\t<meta property=\"og:image:width\" content=\"1000\" \/>\n\t<meta property=\"og:image:height\" content=\"1000\" \/>\n\t<meta property=\"og:image:type\" content=\"image\/jpeg\" \/>\n<meta name=\"twitter:card\" content=\"summary_large_image\" \/>\n<meta name=\"twitter:label1\" content=\"Dur\u00e9e de lecture estim\u00e9e\" \/>\n\t<meta name=\"twitter:data1\" content=\"2 minutes\" \/>\n<script type=\"application\/ld+json\" class=\"yoast-schema-graph\">{\"@context\":\"https:\\\/\\\/schema.org\",\"@graph\":[{\"@type\":\"WebPage\",\"@id\":\"https:\\\/\\\/italwaxfrance.fr\\\/particulier\\\/product\\\/gel-apres-epilation-rafraichissant\\\/\",\"url\":\"https:\\\/\\\/italwaxfrance.fr\\\/particulier\\\/product\\\/gel-apres-epilation-rafraichissant\\\/\",\"name\":\"Gel apr\u00e8s \u00e9pilation Rafraichissant - Italwax France Particulier\",\"isPartOf\":{\"@id\":\"https:\\\/\\\/italwaxfrance.fr\\\/particulier\\\/#website\"},\"primaryImageOfPage\":{\"@id\":\"https:\\\/\\\/italwaxfrance.fr\\\/particulier\\\/product\\\/gel-apres-epilation-rafraichissant\\\/#primaryimage\"},\"image\":{\"@id\":\"https:\\\/\\\/italwaxfrance.fr\\\/particulier\\\/product\\\/gel-apres-epilation-rafraichissant\\\/#primaryimage\"},\"thumbnailUrl\":\"https:\\\/\\\/italwaxfrance.fr\\\/particulier\\\/wp-content\\\/uploads\\\/sites\\\/12\\\/2022\\\/05\\\/italwax-shop-after-wax-gel.jpg\",\"datePublished\":\"2022-05-12T15:38:57+00:00\",\"dateModified\":\"2026-03-18T12:45:39+00:00\",\"description\":\"Apaisez votre peau apr\u00e8s l\u2019\u00e9pilation avec notre Gel Rafra\u00eechissant sans huile. Effet fra\u00eecheur imm\u00e9diat, texture l\u00e9g\u00e8re, hydrate et calme la peau.\",\"breadcrumb\":{\"@id\":\"https:\\\/\\\/italwaxfrance.fr\\\/particulier\\\/product\\\/gel-apres-epilation-rafraichissant\\\/#breadcrumb\"},\"inLanguage\":\"fr-FR\",\"potentialAction\":[{\"@type\":\"ReadAction\",\"target\":[\"https:\\\/\\\/italwaxfrance.fr\\\/particulier\\\/product\\\/gel-apres-epilation-rafraichissant\\\/\"]}]},{\"@type\":\"ImageObject\",\"inLanguage\":\"fr-FR\",\"@id\":\"https:\\\/\\\/italwaxfrance.fr\\\/particulier\\\/product\\\/gel-apres-epilation-rafraichissant\\\/#primaryimage\",\"url\":\"https:\\\/\\\/italwaxfrance.fr\\\/particulier\\\/wp-content\\\/uploads\\\/sites\\\/12\\\/2022\\\/05\\\/italwax-shop-after-wax-gel.jpg\",\"contentUrl\":\"https:\\\/\\\/italwaxfrance.fr\\\/particulier\\\/wp-content\\\/uploads\\\/sites\\\/12\\\/2022\\\/05\\\/italwax-shop-after-wax-gel.jpg\",\"width\":1000,\"height\":1000,\"caption\":\"Gel apr\u00e8s \u00e9pilation Rafraichissant\"},{\"@type\":\"BreadcrumbList\",\"@id\":\"https:\\\/\\\/italwaxfrance.fr\\\/particulier\\\/product\\\/gel-apres-epilation-rafraichissant\\\/#breadcrumb\",\"itemListElement\":[{\"@type\":\"ListItem\",\"position\":1,\"name\":\"Accueil\",\"item\":\"https:\\\/\\\/italwaxfrance.fr\\\/particulier\\\/\"},{\"@type\":\"ListItem\",\"position\":2,\"name\":\"Score\",\"item\":\"https:\\\/\\\/italwaxfrance.fr\\\/particulier\\\/shop\\\/\"},{\"@type\":\"ListItem\",\"position\":3,\"name\":\"Gel apr\u00e8s \u00e9pilation Rafraichissant\"}]},{\"@type\":\"WebSite\",\"@id\":\"https:\\\/\\\/italwaxfrance.fr\\\/particulier\\\/#website\",\"url\":\"https:\\\/\\\/italwaxfrance.fr\\\/particulier\\\/\",\"name\":\"Italwax France Particulier\",\"description\":\"Cosm\u00e9tiques professionnels\",\"publisher\":{\"@id\":\"https:\\\/\\\/italwaxfrance.fr\\\/particulier\\\/#organization\"},\"potentialAction\":[{\"@type\":\"SearchAction\",\"target\":{\"@type\":\"EntryPoint\",\"urlTemplate\":\"https:\\\/\\\/italwaxfrance.fr\\\/particulier\\\/?s={search_term_string}\"},\"query-input\":{\"@type\":\"PropertyValueSpecification\",\"valueRequired\":true,\"valueName\":\"search_term_string\"}}],\"inLanguage\":\"fr-FR\"},{\"@type\":\"Organization\",\"@id\":\"https:\\\/\\\/italwaxfrance.fr\\\/particulier\\\/#organization\",\"name\":\"Italwax France\",\"url\":\"https:\\\/\\\/italwaxfrance.fr\\\/particulier\\\/\",\"logo\":{\"@type\":\"ImageObject\",\"inLanguage\":\"fr-FR\",\"@id\":\"https:\\\/\\\/italwaxfrance.fr\\\/particulier\\\/#\\\/schema\\\/logo\\\/image\\\/\",\"url\":\"https:\\\/\\\/italwaxfrance.fr\\\/particulier\\\/wp-content\\\/uploads\\\/sites\\\/12\\\/2022\\\/04\\\/logo.png\",\"contentUrl\":\"https:\\\/\\\/italwaxfrance.fr\\\/particulier\\\/wp-content\\\/uploads\\\/sites\\\/12\\\/2022\\\/04\\\/logo.png\",\"width\":334,\"height\":158,\"caption\":\"Italwax France\"},\"image\":{\"@id\":\"https:\\\/\\\/italwaxfrance.fr\\\/particulier\\\/#\\\/schema\\\/logo\\\/image\\\/\"},\"sameAs\":[\"https:\\\/\\\/www.instagram.com\\\/italwaxfrance\\\/\",\"https:\\\/\\\/www.youtube.com\\\/@ItalwaxMedia\"]}]}<\/script>\n<!-- \/ Yoast SEO Premium plugin. -->","yoast_head_json":{"title":"Gel apr\u00e8s \u00e9pilation Rafraichissant - Italwax France Particulier","description":"Apaisez votre peau apr\u00e8s l\u2019\u00e9pilation avec notre Gel Rafra\u00eechissant sans huile. Effet fra\u00eecheur imm\u00e9diat, texture l\u00e9g\u00e8re, hydrate et calme la peau.","robots":{"index":"index","follow":"follow","max-snippet":"max-snippet:-1","max-image-preview":"max-image-preview:large","max-video-preview":"max-video-preview:-1"},"canonical":"https:\/\/italwaxfrance.fr\/particulier\/product\/gel-apres-epilation-rafraichissant\/","og_locale":"fr_FR","og_type":"article","og_title":"Gel apr\u00e8s \u00e9pilation Rafraichissant","og_description":"Apaisez votre peau apr\u00e8s l\u2019\u00e9pilation avec notre Gel Rafra\u00eechissant sans huile. Effet fra\u00eecheur imm\u00e9diat, texture l\u00e9g\u00e8re, hydrate et calme la peau.","og_url":"https:\/\/italwaxfrance.fr\/particulier\/product\/gel-apres-epilation-rafraichissant\/","og_site_name":"Italwax France Particulier","article_modified_time":"2026-03-18T12:45:39+00:00","og_image":[{"width":1000,"height":1000,"url":"http:\/\/italwaxfrance.fr\/particulier\/wp-content\/uploads\/sites\/12\/2022\/05\/italwax-shop-after-wax-gel.jpg","type":"image\/jpeg"}],"twitter_card":"summary_large_image","twitter_misc":{"Dur\u00e9e de lecture estim\u00e9e":"2 minutes"},"schema":{"@context":"https:\/\/schema.org","@graph":[{"@type":"WebPage","@id":"https:\/\/italwaxfrance.fr\/particulier\/product\/gel-apres-epilation-rafraichissant\/","url":"https:\/\/italwaxfrance.fr\/particulier\/product\/gel-apres-epilation-rafraichissant\/","name":"Gel apr\u00e8s \u00e9pilation Rafraichissant - Italwax France Particulier","isPartOf":{"@id":"https:\/\/italwaxfrance.fr\/particulier\/#website"},"primaryImageOfPage":{"@id":"https:\/\/italwaxfrance.fr\/particulier\/product\/gel-apres-epilation-rafraichissant\/#primaryimage"},"image":{"@id":"https:\/\/italwaxfrance.fr\/particulier\/product\/gel-apres-epilation-rafraichissant\/#primaryimage"},"thumbnailUrl":"https:\/\/italwaxfrance.fr\/particulier\/wp-content\/uploads\/sites\/12\/2022\/05\/italwax-shop-after-wax-gel.jpg","datePublished":"2022-05-12T15:38:57+00:00","dateModified":"2026-03-18T12:45:39+00:00","description":"Apaisez votre peau apr\u00e8s l\u2019\u00e9pilation avec notre Gel Rafra\u00eechissant sans huile. Effet fra\u00eecheur imm\u00e9diat, texture l\u00e9g\u00e8re, hydrate et calme la peau.","breadcrumb":{"@id":"https:\/\/italwaxfrance.fr\/particulier\/product\/gel-apres-epilation-rafraichissant\/#breadcrumb"},"inLanguage":"fr-FR","potentialAction":[{"@type":"ReadAction","target":["https:\/\/italwaxfrance.fr\/particulier\/product\/gel-apres-epilation-rafraichissant\/"]}]},{"@type":"ImageObject","inLanguage":"fr-FR","@id":"https:\/\/italwaxfrance.fr\/particulier\/product\/gel-apres-epilation-rafraichissant\/#primaryimage","url":"https:\/\/italwaxfrance.fr\/particulier\/wp-content\/uploads\/sites\/12\/2022\/05\/italwax-shop-after-wax-gel.jpg","contentUrl":"https:\/\/italwaxfrance.fr\/particulier\/wp-content\/uploads\/sites\/12\/2022\/05\/italwax-shop-after-wax-gel.jpg","width":1000,"height":1000,"caption":"Gel apr\u00e8s \u00e9pilation Rafraichissant"},{"@type":"BreadcrumbList","@id":"https:\/\/italwaxfrance.fr\/particulier\/product\/gel-apres-epilation-rafraichissant\/#breadcrumb","itemListElement":[{"@type":"ListItem","position":1,"name":"Accueil","item":"https:\/\/italwaxfrance.fr\/particulier\/"},{"@type":"ListItem","position":2,"name":"Score","item":"https:\/\/italwaxfrance.fr\/particulier\/shop\/"},{"@type":"ListItem","position":3,"name":"Gel apr\u00e8s \u00e9pilation Rafraichissant"}]},{"@type":"WebSite","@id":"https:\/\/italwaxfrance.fr\/particulier\/#website","url":"https:\/\/italwaxfrance.fr\/particulier\/","name":"Italwax France Particulier","description":"Cosm\u00e9tiques professionnels","publisher":{"@id":"https:\/\/italwaxfrance.fr\/particulier\/#organization"},"potentialAction":[{"@type":"SearchAction","target":{"@type":"EntryPoint","urlTemplate":"https:\/\/italwaxfrance.fr\/particulier\/?s={search_term_string}"},"query-input":{"@type":"PropertyValueSpecification","valueRequired":true,"valueName":"search_term_string"}}],"inLanguage":"fr-FR"},{"@type":"Organization","@id":"https:\/\/italwaxfrance.fr\/particulier\/#organization","name":"Italwax France","url":"https:\/\/italwaxfrance.fr\/particulier\/","logo":{"@type":"ImageObject","inLanguage":"fr-FR","@id":"https:\/\/italwaxfrance.fr\/particulier\/#\/schema\/logo\/image\/","url":"https:\/\/italwaxfrance.fr\/particulier\/wp-content\/uploads\/sites\/12\/2022\/04\/logo.png","contentUrl":"https:\/\/italwaxfrance.fr\/particulier\/wp-content\/uploads\/sites\/12\/2022\/04\/logo.png","width":334,"height":158,"caption":"Italwax France"},"image":{"@id":"https:\/\/italwaxfrance.fr\/particulier\/#\/schema\/logo\/image\/"},"sameAs":["https:\/\/www.instagram.com\/italwaxfrance\/","https:\/\/www.youtube.com\/@ItalwaxMedia"]}]}},"_links":{"self":[{"href":"https:\/\/italwaxfrance.fr\/particulier\/wp-json\/wp\/v2\/product\/995","targetHints":{"allow":["GET"]}}],"collection":[{"href":"https:\/\/italwaxfrance.fr\/particulier\/wp-json\/wp\/v2\/product"}],"about":[{"href":"https:\/\/italwaxfrance.fr\/particulier\/wp-json\/wp\/v2\/types\/product"}],"replies":[{"embeddable":true,"href":"https:\/\/italwaxfrance.fr\/particulier\/wp-json\/wp\/v2\/comments?post=995"}],"wp:featuredmedia":[{"embeddable":true,"href":"https:\/\/italwaxfrance.fr\/particulier\/wp-json\/wp\/v2\/media\/1000"}],"wp:attachment":[{"href":"https:\/\/italwaxfrance.fr\/particulier\/wp-json\/wp\/v2\/media?parent=995"}],"wp:term":[{"taxonomy":"product_brand","embeddable":true,"href":"https:\/\/italwaxfrance.fr\/particulier\/wp-json\/wp\/v2\/product_brand?post=995"},{"taxonomy":"product_cat","embeddable":true,"href":"https:\/\/italwaxfrance.fr\/particulier\/wp-json\/wp\/v2\/product_cat?post=995"},{"taxonomy":"product_tag","embeddable":true,"href":"https:\/\/italwaxfrance.fr\/particulier\/wp-json\/wp\/v2\/product_tag?post=995"}],"curies":[{"name":"wp","href":"https:\/\/api.w.org\/{rel}","templated":true}]}}