{"id":964,"date":"2022-05-12T18:09:08","date_gmt":"2022-05-12T15:09:08","guid":{"rendered":"http:\/\/www.italwaxfrance.fr\/particulier\/?post_type=product&#038;p=964"},"modified":"2025-07-10T14:13:57","modified_gmt":"2025-07-10T11:13:57","slug":"gel-pre-epilation","status":"publish","type":"product","link":"https:\/\/italwaxfrance.fr\/particulier\/product\/gel-pre-epilation\/","title":{"rendered":"Gel Avant Epilation"},"content":{"rendered":"<h2 data-start=\"114\" data-end=\"193\">Gel Pr\u00e9-\u00c9pilation \u2013 Votre alli\u00e9 douceur pour une peau pr\u00eate \u00e0 l\u2019\u00e9pilation<\/h2>\n<p data-start=\"195\" data-end=\"505\">Pr\u00e9parez votre peau avant l\u2019\u00e9pilation avec ce gel pr\u00e9-\u00e9pilation sp\u00e9cialement con\u00e7u pour les zones sensibles comme les aisselles, le maillot ou le visage. Sa texture l\u00e9g\u00e8re et rafra\u00eechissante nettoie la peau en douceur tout en soulevant d\u00e9licatement les poils. R\u00e9sultat ? Une \u00e9pilation plus efficace, rapide et confortable.<\/p>\n<p data-start=\"507\" data-end=\"729\">Ce gel avant \u00e9pilation aide aussi \u00e0 r\u00e9duire l\u2019adh\u00e9rence de la cire, pour une application plus fluide et sans accrocs. Gr\u00e2ce \u00e0 sa formule concentr\u00e9e, une petite quantit\u00e9 suffit, m\u00eame sur les petites zones, ce qui le rend tr\u00e8s \u00e9conomique.<\/p>\n<p data-start=\"731\" data-end=\"910\">Disponible en <strong>formats<\/strong> pratiques de <strong>100 ml<\/strong> et <strong>250 ml<\/strong>, ce gel est parfait pour celles et ceux qui veulent une peau nette et douce, tout en prot\u00e9geant les zones les plus d\u00e9licates.<\/p>\n<p data-start=\"912\" data-end=\"1019\">Offrez-vous une pr\u00e9paration id\u00e9ale pour une \u00e9pilation r\u00e9ussie et confortable, \u00e0 la maison ou en institut.<\/p>\n","protected":false},"excerpt":{"rendered":"<p>Gel Pr\u00e9-\u00c9pilation \u2013 Votre alli\u00e9 douceur pour une peau pr\u00eate \u00e0 l\u2019\u00e9pilation Pr\u00e9parez votre peau avant l\u2019\u00e9pilation avec ce gel pr\u00e9-\u00e9pilation sp\u00e9cialement con\u00e7u pour les zones sensibles comme les aisselles, le maillot ou le visage. Sa texture l\u00e9g\u00e8re et rafra\u00eechissante nettoie la peau en douceur tout en soulevant d\u00e9licatement les poils. R\u00e9sultat ? Une \u00e9pilation&#8230; <a href=\"https:\/\/italwaxfrance.fr\/particulier\/product\/gel-pre-epilation\/\">Read More<\/a><\/p>\n","protected":false},"featured_media":969,"comment_status":"open","ping_status":"closed","template":"","meta":[],"product_brand":[],"product_cat":[26],"product_tag":[],"class_list":{"0":"post-964","1":"product","2":"type-product","3":"status-publish","4":"has-post-thumbnail","6":"product_cat-produits-pre-epilation","8":"first","9":"instock","10":"taxable","11":"shipping-taxable","12":"purchasable","13":"product-type-variable"},"yoast_head":"<!-- This site is optimized with the Yoast SEO Premium plugin v27.2 (Yoast SEO v27.5) - https:\/\/yoast.com\/product\/yoast-seo-premium-wordpress\/ -->\n<title>Gel Avant Epilation - Italwax France Particulier<\/title>\n<meta name=\"description\" content=\"Pr\u00e9parez votre peau avec le Gel Pr\u00e9-\u00c9pilation, id\u00e9al pour les zones sensibles. Nettoie, soul\u00e8ve les poils et facilite une \u00e9pilation douce et efficace.\" \/>\n<meta name=\"robots\" content=\"index, follow, max-snippet:-1, max-image-preview:large, max-video-preview:-1\" \/>\n<link rel=\"canonical\" href=\"https:\/\/italwaxfrance.fr\/particulier\/product\/gel-pre-epilation\/\" \/>\n<meta property=\"og:locale\" content=\"fr_FR\" \/>\n<meta property=\"og:type\" content=\"article\" \/>\n<meta property=\"og:title\" content=\"Gel Avant Epilation\" \/>\n<meta property=\"og:description\" content=\"Pr\u00e9parez votre peau avec le Gel Pr\u00e9-\u00c9pilation, id\u00e9al pour les zones sensibles. Nettoie, soul\u00e8ve les poils et facilite une \u00e9pilation douce et efficace.\" \/>\n<meta property=\"og:url\" content=\"https:\/\/italwaxfrance.fr\/particulier\/product\/gel-pre-epilation\/\" \/>\n<meta property=\"og:site_name\" content=\"Italwax France Particulier\" \/>\n<meta property=\"article:modified_time\" content=\"2025-07-10T11:13:57+00:00\" \/>\n<meta property=\"og:image\" content=\"http:\/\/italwaxfrance.fr\/particulier\/wp-content\/uploads\/sites\/12\/2022\/05\/italwax-shop-pre-wax-gel-1.jpg\" \/>\n\t<meta property=\"og:image:width\" content=\"1000\" \/>\n\t<meta property=\"og:image:height\" content=\"1000\" \/>\n\t<meta property=\"og:image:type\" content=\"image\/jpeg\" \/>\n<meta name=\"twitter:card\" content=\"summary_large_image\" \/>\n<meta name=\"twitter:label1\" content=\"Dur\u00e9e de lecture estim\u00e9e\" \/>\n\t<meta name=\"twitter:data1\" content=\"1 minute\" \/>\n<script type=\"application\/ld+json\" class=\"yoast-schema-graph\">{\"@context\":\"https:\\\/\\\/schema.org\",\"@graph\":[{\"@type\":\"WebPage\",\"@id\":\"https:\\\/\\\/italwaxfrance.fr\\\/particulier\\\/product\\\/gel-pre-epilation\\\/\",\"url\":\"https:\\\/\\\/italwaxfrance.fr\\\/particulier\\\/product\\\/gel-pre-epilation\\\/\",\"name\":\"Gel Avant Epilation - Italwax France Particulier\",\"isPartOf\":{\"@id\":\"https:\\\/\\\/italwaxfrance.fr\\\/particulier\\\/#website\"},\"primaryImageOfPage\":{\"@id\":\"https:\\\/\\\/italwaxfrance.fr\\\/particulier\\\/product\\\/gel-pre-epilation\\\/#primaryimage\"},\"image\":{\"@id\":\"https:\\\/\\\/italwaxfrance.fr\\\/particulier\\\/product\\\/gel-pre-epilation\\\/#primaryimage\"},\"thumbnailUrl\":\"https:\\\/\\\/italwaxfrance.fr\\\/particulier\\\/wp-content\\\/uploads\\\/sites\\\/12\\\/2022\\\/05\\\/italwax-shop-pre-wax-gel-1.jpg\",\"datePublished\":\"2022-05-12T15:09:08+00:00\",\"dateModified\":\"2025-07-10T11:13:57+00:00\",\"description\":\"Pr\u00e9parez votre peau avec le Gel Pr\u00e9-\u00c9pilation, id\u00e9al pour les zones sensibles. Nettoie, soul\u00e8ve les poils et facilite une \u00e9pilation douce et efficace.\",\"breadcrumb\":{\"@id\":\"https:\\\/\\\/italwaxfrance.fr\\\/particulier\\\/product\\\/gel-pre-epilation\\\/#breadcrumb\"},\"inLanguage\":\"fr-FR\",\"potentialAction\":[{\"@type\":\"ReadAction\",\"target\":[\"https:\\\/\\\/italwaxfrance.fr\\\/particulier\\\/product\\\/gel-pre-epilation\\\/\"]}]},{\"@type\":\"ImageObject\",\"inLanguage\":\"fr-FR\",\"@id\":\"https:\\\/\\\/italwaxfrance.fr\\\/particulier\\\/product\\\/gel-pre-epilation\\\/#primaryimage\",\"url\":\"https:\\\/\\\/italwaxfrance.fr\\\/particulier\\\/wp-content\\\/uploads\\\/sites\\\/12\\\/2022\\\/05\\\/italwax-shop-pre-wax-gel-1.jpg\",\"contentUrl\":\"https:\\\/\\\/italwaxfrance.fr\\\/particulier\\\/wp-content\\\/uploads\\\/sites\\\/12\\\/2022\\\/05\\\/italwax-shop-pre-wax-gel-1.jpg\",\"width\":1000,\"height\":1000,\"caption\":\"gel pr\u00e9-\u00e9pilation, gel avant \u00e9pilation\"},{\"@type\":\"BreadcrumbList\",\"@id\":\"https:\\\/\\\/italwaxfrance.fr\\\/particulier\\\/product\\\/gel-pre-epilation\\\/#breadcrumb\",\"itemListElement\":[{\"@type\":\"ListItem\",\"position\":1,\"name\":\"Accueil\",\"item\":\"https:\\\/\\\/italwaxfrance.fr\\\/particulier\\\/\"},{\"@type\":\"ListItem\",\"position\":2,\"name\":\"Score\",\"item\":\"https:\\\/\\\/italwaxfrance.fr\\\/particulier\\\/shop\\\/\"},{\"@type\":\"ListItem\",\"position\":3,\"name\":\"Gel Avant Epilation\"}]},{\"@type\":\"WebSite\",\"@id\":\"https:\\\/\\\/italwaxfrance.fr\\\/particulier\\\/#website\",\"url\":\"https:\\\/\\\/italwaxfrance.fr\\\/particulier\\\/\",\"name\":\"Italwax France Particulier\",\"description\":\"Cosm\u00e9tiques professionnels\",\"publisher\":{\"@id\":\"https:\\\/\\\/italwaxfrance.fr\\\/particulier\\\/#organization\"},\"potentialAction\":[{\"@type\":\"SearchAction\",\"target\":{\"@type\":\"EntryPoint\",\"urlTemplate\":\"https:\\\/\\\/italwaxfrance.fr\\\/particulier\\\/?s={search_term_string}\"},\"query-input\":{\"@type\":\"PropertyValueSpecification\",\"valueRequired\":true,\"valueName\":\"search_term_string\"}}],\"inLanguage\":\"fr-FR\"},{\"@type\":\"Organization\",\"@id\":\"https:\\\/\\\/italwaxfrance.fr\\\/particulier\\\/#organization\",\"name\":\"Italwax France\",\"url\":\"https:\\\/\\\/italwaxfrance.fr\\\/particulier\\\/\",\"logo\":{\"@type\":\"ImageObject\",\"inLanguage\":\"fr-FR\",\"@id\":\"https:\\\/\\\/italwaxfrance.fr\\\/particulier\\\/#\\\/schema\\\/logo\\\/image\\\/\",\"url\":\"https:\\\/\\\/italwaxfrance.fr\\\/particulier\\\/wp-content\\\/uploads\\\/sites\\\/12\\\/2022\\\/04\\\/logo.png\",\"contentUrl\":\"https:\\\/\\\/italwaxfrance.fr\\\/particulier\\\/wp-content\\\/uploads\\\/sites\\\/12\\\/2022\\\/04\\\/logo.png\",\"width\":334,\"height\":158,\"caption\":\"Italwax France\"},\"image\":{\"@id\":\"https:\\\/\\\/italwaxfrance.fr\\\/particulier\\\/#\\\/schema\\\/logo\\\/image\\\/\"},\"sameAs\":[\"https:\\\/\\\/www.instagram.com\\\/italwaxfrance\\\/\",\"https:\\\/\\\/www.youtube.com\\\/@ItalwaxMedia\"]}]}<\/script>\n<!-- \/ Yoast SEO Premium plugin. -->","yoast_head_json":{"title":"Gel Avant Epilation - Italwax France Particulier","description":"Pr\u00e9parez votre peau avec le Gel Pr\u00e9-\u00c9pilation, id\u00e9al pour les zones sensibles. Nettoie, soul\u00e8ve les poils et facilite une \u00e9pilation douce et efficace.","robots":{"index":"index","follow":"follow","max-snippet":"max-snippet:-1","max-image-preview":"max-image-preview:large","max-video-preview":"max-video-preview:-1"},"canonical":"https:\/\/italwaxfrance.fr\/particulier\/product\/gel-pre-epilation\/","og_locale":"fr_FR","og_type":"article","og_title":"Gel Avant Epilation","og_description":"Pr\u00e9parez votre peau avec le Gel Pr\u00e9-\u00c9pilation, id\u00e9al pour les zones sensibles. Nettoie, soul\u00e8ve les poils et facilite une \u00e9pilation douce et efficace.","og_url":"https:\/\/italwaxfrance.fr\/particulier\/product\/gel-pre-epilation\/","og_site_name":"Italwax France Particulier","article_modified_time":"2025-07-10T11:13:57+00:00","og_image":[{"width":1000,"height":1000,"url":"http:\/\/italwaxfrance.fr\/particulier\/wp-content\/uploads\/sites\/12\/2022\/05\/italwax-shop-pre-wax-gel-1.jpg","type":"image\/jpeg"}],"twitter_card":"summary_large_image","twitter_misc":{"Dur\u00e9e de lecture estim\u00e9e":"1 minute"},"schema":{"@context":"https:\/\/schema.org","@graph":[{"@type":"WebPage","@id":"https:\/\/italwaxfrance.fr\/particulier\/product\/gel-pre-epilation\/","url":"https:\/\/italwaxfrance.fr\/particulier\/product\/gel-pre-epilation\/","name":"Gel Avant Epilation - Italwax France Particulier","isPartOf":{"@id":"https:\/\/italwaxfrance.fr\/particulier\/#website"},"primaryImageOfPage":{"@id":"https:\/\/italwaxfrance.fr\/particulier\/product\/gel-pre-epilation\/#primaryimage"},"image":{"@id":"https:\/\/italwaxfrance.fr\/particulier\/product\/gel-pre-epilation\/#primaryimage"},"thumbnailUrl":"https:\/\/italwaxfrance.fr\/particulier\/wp-content\/uploads\/sites\/12\/2022\/05\/italwax-shop-pre-wax-gel-1.jpg","datePublished":"2022-05-12T15:09:08+00:00","dateModified":"2025-07-10T11:13:57+00:00","description":"Pr\u00e9parez votre peau avec le Gel Pr\u00e9-\u00c9pilation, id\u00e9al pour les zones sensibles. Nettoie, soul\u00e8ve les poils et facilite une \u00e9pilation douce et efficace.","breadcrumb":{"@id":"https:\/\/italwaxfrance.fr\/particulier\/product\/gel-pre-epilation\/#breadcrumb"},"inLanguage":"fr-FR","potentialAction":[{"@type":"ReadAction","target":["https:\/\/italwaxfrance.fr\/particulier\/product\/gel-pre-epilation\/"]}]},{"@type":"ImageObject","inLanguage":"fr-FR","@id":"https:\/\/italwaxfrance.fr\/particulier\/product\/gel-pre-epilation\/#primaryimage","url":"https:\/\/italwaxfrance.fr\/particulier\/wp-content\/uploads\/sites\/12\/2022\/05\/italwax-shop-pre-wax-gel-1.jpg","contentUrl":"https:\/\/italwaxfrance.fr\/particulier\/wp-content\/uploads\/sites\/12\/2022\/05\/italwax-shop-pre-wax-gel-1.jpg","width":1000,"height":1000,"caption":"gel pr\u00e9-\u00e9pilation, gel avant \u00e9pilation"},{"@type":"BreadcrumbList","@id":"https:\/\/italwaxfrance.fr\/particulier\/product\/gel-pre-epilation\/#breadcrumb","itemListElement":[{"@type":"ListItem","position":1,"name":"Accueil","item":"https:\/\/italwaxfrance.fr\/particulier\/"},{"@type":"ListItem","position":2,"name":"Score","item":"https:\/\/italwaxfrance.fr\/particulier\/shop\/"},{"@type":"ListItem","position":3,"name":"Gel Avant Epilation"}]},{"@type":"WebSite","@id":"https:\/\/italwaxfrance.fr\/particulier\/#website","url":"https:\/\/italwaxfrance.fr\/particulier\/","name":"Italwax France Particulier","description":"Cosm\u00e9tiques professionnels","publisher":{"@id":"https:\/\/italwaxfrance.fr\/particulier\/#organization"},"potentialAction":[{"@type":"SearchAction","target":{"@type":"EntryPoint","urlTemplate":"https:\/\/italwaxfrance.fr\/particulier\/?s={search_term_string}"},"query-input":{"@type":"PropertyValueSpecification","valueRequired":true,"valueName":"search_term_string"}}],"inLanguage":"fr-FR"},{"@type":"Organization","@id":"https:\/\/italwaxfrance.fr\/particulier\/#organization","name":"Italwax France","url":"https:\/\/italwaxfrance.fr\/particulier\/","logo":{"@type":"ImageObject","inLanguage":"fr-FR","@id":"https:\/\/italwaxfrance.fr\/particulier\/#\/schema\/logo\/image\/","url":"https:\/\/italwaxfrance.fr\/particulier\/wp-content\/uploads\/sites\/12\/2022\/04\/logo.png","contentUrl":"https:\/\/italwaxfrance.fr\/particulier\/wp-content\/uploads\/sites\/12\/2022\/04\/logo.png","width":334,"height":158,"caption":"Italwax France"},"image":{"@id":"https:\/\/italwaxfrance.fr\/particulier\/#\/schema\/logo\/image\/"},"sameAs":["https:\/\/www.instagram.com\/italwaxfrance\/","https:\/\/www.youtube.com\/@ItalwaxMedia"]}]}},"_links":{"self":[{"href":"https:\/\/italwaxfrance.fr\/particulier\/wp-json\/wp\/v2\/product\/964","targetHints":{"allow":["GET"]}}],"collection":[{"href":"https:\/\/italwaxfrance.fr\/particulier\/wp-json\/wp\/v2\/product"}],"about":[{"href":"https:\/\/italwaxfrance.fr\/particulier\/wp-json\/wp\/v2\/types\/product"}],"replies":[{"embeddable":true,"href":"https:\/\/italwaxfrance.fr\/particulier\/wp-json\/wp\/v2\/comments?post=964"}],"wp:featuredmedia":[{"embeddable":true,"href":"https:\/\/italwaxfrance.fr\/particulier\/wp-json\/wp\/v2\/media\/969"}],"wp:attachment":[{"href":"https:\/\/italwaxfrance.fr\/particulier\/wp-json\/wp\/v2\/media?parent=964"}],"wp:term":[{"taxonomy":"product_brand","embeddable":true,"href":"https:\/\/italwaxfrance.fr\/particulier\/wp-json\/wp\/v2\/product_brand?post=964"},{"taxonomy":"product_cat","embeddable":true,"href":"https:\/\/italwaxfrance.fr\/particulier\/wp-json\/wp\/v2\/product_cat?post=964"},{"taxonomy":"product_tag","embeddable":true,"href":"https:\/\/italwaxfrance.fr\/particulier\/wp-json\/wp\/v2\/product_tag?post=964"}],"curies":[{"name":"wp","href":"https:\/\/api.w.org\/{rel}","templated":true}]}}