{"id":77,"date":"2022-03-29T17:21:28","date_gmt":"2022-03-29T14:21:28","guid":{"rendered":"https:\/\/www.italwaxfrance.fr\/particulier\/?post_type=product&#038;p=77"},"modified":"2025-08-11T14:51:17","modified_gmt":"2025-08-11T11:51:17","slug":"spatules-en-bois-a-cire","status":"publish","type":"product","link":"https:\/\/italwaxfrance.fr\/particulier\/product\/spatules-en-bois-a-cire\/","title":{"rendered":"Spatules \u00e0 cire"},"content":{"rendered":"<h3 data-start=\"188\" data-end=\"277\"><strong data-start=\"188\" data-end=\"277\">Spatules en bois jetables Italwax \u2013 Hygi\u00e8ne, s\u00e9curit\u00e9 et pr\u00e9cision \u00e0 chaque \u00e9pilation<\/strong><\/h3>\n<p data-start=\"279\" data-end=\"530\">Offrez-vous une \u00e9pilation plus propre, plus s\u00fbre et plus professionnelle avec les spatules en bois \u00e0 cire (jetables) Italwax. Con\u00e7ues pour une utilisation unique, elles garantissent une hygi\u00e8ne parfaite et r\u00e9duisent \u00e0 z\u00e9ro les risques de contamination crois\u00e9e.<\/p>\n<p data-start=\"532\" data-end=\"679\">Avec ces spatules, vous avez le bon outil pour chaque zone du corps. Elles existent en cinq tailles diff\u00e9rentes pour s\u2019adapter \u00e0 tous vos besoins :<\/p>\n<ul data-start=\"681\" data-end=\"1070\">\n<li data-start=\"681\" data-end=\"763\">\n<p data-start=\"683\" data-end=\"763\"><strong data-start=\"683\" data-end=\"703\">Grandes spatules<\/strong> : id\u00e9ales pour les jambes, bras et autres grandes surfaces.<\/p>\n<\/li>\n<li data-start=\"764\" data-end=\"846\">\n<p data-start=\"766\" data-end=\"846\"><strong data-start=\"766\" data-end=\"787\">Spatules standard<\/strong> : parfaites pour les applications classiques du quotidien.<\/p>\n<\/li>\n<li data-start=\"847\" data-end=\"927\">\n<p data-start=\"849\" data-end=\"927\"><strong data-start=\"849\" data-end=\"866\">Visage medium<\/strong> : pr\u00e9cises pour le menton, les joues ou la l\u00e8vre sup\u00e9rieure.<\/p>\n<\/li>\n<li data-start=\"928\" data-end=\"995\">\n<p data-start=\"930\" data-end=\"995\"><strong data-start=\"930\" data-end=\"948\">Visage longues<\/strong> : id\u00e9ales pour des gestes pr\u00e9cis et ma\u00eetris\u00e9s.<\/p>\n<\/li>\n<li data-start=\"996\" data-end=\"1070\">\n<p data-start=\"998\" data-end=\"1070\"><strong data-start=\"998\" data-end=\"1019\">Spatules sourcils<\/strong> : ultra-fines pour une finition nette et d\u00e9licate.<\/p>\n<\/li>\n<\/ul>\n<p data-start=\"1072\" data-end=\"1297\">En plus d\u2019\u00eatre pratiques, ces spatules respectent la temp\u00e9rature de la cire. Le bois n\u2019alt\u00e8re pas la chaleur, ce qui r\u00e9duit le risque de br\u00fblure. R\u00e9sultat : une cire appliqu\u00e9e \u00e0 la temp\u00e9rature id\u00e9ale, pour un confort optimal.<\/p>\n<p data-start=\"1299\" data-end=\"1605\">Ces spatules sont aussi tr\u00e8s faciles \u00e0 utiliser. Elles tiennent bien en main, ne glissent pas, et assurent une application fluide, m\u00eame pour les d\u00e9butants. Que vous soyez une esth\u00e9ticienne professionnelle ou que vous fassiez votre \u00e9pilation \u00e0 la maison, elles vous garantissent un geste propre et ma\u00eetris\u00e9.<\/p>\n<p data-start=\"1607\" data-end=\"1782\">Utilisables avec <a href=\"https:\/\/italwaxfrance.fr\/particulier\/product-category\/cires-hypoallergeniques-pelables-sans-colophane\/\"><em><strong>toutes les cires Italwax<\/strong><\/em><\/a>, elles conviennent \u00e0 <a href=\"https:\/\/italwaxfrance.fr\/particulier\/product-category\/italwax-cire-liposoluble-cartouches-et-pots-roll-on\/\"><em><strong>toutes les techniques d\u2019\u00e9pilation<\/strong><\/em><\/a>. Apr\u00e8s usage, il suffit de les jeter. Pas de nettoyage, pas de perte de temps.<\/p>\n<p data-start=\"1784\" data-end=\"1938\">Faites de l\u2019hygi\u00e8ne et de la pr\u00e9cision vos priorit\u00e9s. Adoptez les spatules Italwax, l\u2019outil indispensable pour une \u00e9pilation r\u00e9ussie, s\u00fbre et confortable.<\/p>\n","protected":false},"excerpt":{"rendered":"<p>Spatules en bois jetables Italwax \u2013 Hygi\u00e8ne, s\u00e9curit\u00e9 et pr\u00e9cision \u00e0 chaque \u00e9pilation Offrez-vous une \u00e9pilation plus propre, plus s\u00fbre et plus professionnelle avec les spatules en bois \u00e0 cire (jetables) Italwax. Con\u00e7ues pour une utilisation unique, elles garantissent une hygi\u00e8ne parfaite et r\u00e9duisent \u00e0 z\u00e9ro les risques de contamination crois\u00e9e. Avec ces spatules, vous&#8230; <a href=\"https:\/\/italwaxfrance.fr\/particulier\/product\/spatules-en-bois-a-cire\/\">Read More<\/a><\/p>\n","protected":false},"featured_media":1069,"comment_status":"closed","ping_status":"closed","template":"","meta":[],"product_brand":[],"product_cat":[21],"product_tag":[],"class_list":{"0":"post-77","1":"product","2":"type-product","3":"status-publish","4":"has-post-thumbnail","6":"product_cat-accessoires-epilation-jetables","8":"first","9":"instock","10":"taxable","11":"shipping-taxable","12":"purchasable","13":"product-type-variable"},"yoast_head":"<!-- This site is optimized with the Yoast SEO Premium plugin v27.2 (Yoast SEO v27.5) - https:\/\/yoast.com\/product\/yoast-seo-premium-wordpress\/ -->\n<title>Spatules \u00e0 cire - Italwax France Particulier<\/title>\n<meta name=\"description\" content=\"Assurez une \u00e9pilation hygi\u00e9nique, s\u00fbre et pr\u00e9cise avec les spatules en bois \u00e0 cire (jetables) Italwax. Disponibles en 5 tailles.\" \/>\n<meta name=\"robots\" content=\"index, follow, max-snippet:-1, max-image-preview:large, max-video-preview:-1\" \/>\n<link rel=\"canonical\" href=\"https:\/\/italwaxfrance.fr\/particulier\/product\/spatules-en-bois-a-cire\/\" \/>\n<meta property=\"og:locale\" content=\"fr_FR\" \/>\n<meta property=\"og:type\" content=\"article\" \/>\n<meta property=\"og:title\" content=\"Spatules \u00e0 cire\" \/>\n<meta property=\"og:description\" content=\"Assurez une \u00e9pilation hygi\u00e9nique, s\u00fbre et pr\u00e9cise avec les spatules en bois \u00e0 cire (jetables) Italwax. Disponibles en 5 tailles.\" \/>\n<meta property=\"og:url\" content=\"https:\/\/italwaxfrance.fr\/particulier\/product\/spatules-en-bois-a-cire\/\" \/>\n<meta property=\"og:site_name\" content=\"Italwax France Particulier\" \/>\n<meta property=\"article:modified_time\" content=\"2025-08-11T11:51:17+00:00\" \/>\n<meta property=\"og:image\" content=\"http:\/\/italwaxfrance.fr\/particulier\/wp-content\/uploads\/sites\/12\/2022\/03\/italwax-shop-monouso-spatulas-1.jpg\" \/>\n\t<meta property=\"og:image:width\" content=\"1000\" \/>\n\t<meta property=\"og:image:height\" content=\"1000\" \/>\n\t<meta property=\"og:image:type\" content=\"image\/jpeg\" \/>\n<meta name=\"twitter:card\" content=\"summary_large_image\" \/>\n<meta name=\"twitter:label1\" content=\"Dur\u00e9e de lecture estim\u00e9e\" \/>\n\t<meta name=\"twitter:data1\" content=\"2 minutes\" \/>\n<script type=\"application\/ld+json\" class=\"yoast-schema-graph\">{\"@context\":\"https:\\\/\\\/schema.org\",\"@graph\":[{\"@type\":\"WebPage\",\"@id\":\"https:\\\/\\\/italwaxfrance.fr\\\/particulier\\\/product\\\/spatules-en-bois-a-cire\\\/\",\"url\":\"https:\\\/\\\/italwaxfrance.fr\\\/particulier\\\/product\\\/spatules-en-bois-a-cire\\\/\",\"name\":\"Spatules \u00e0 cire - Italwax France Particulier\",\"isPartOf\":{\"@id\":\"https:\\\/\\\/italwaxfrance.fr\\\/particulier\\\/#website\"},\"primaryImageOfPage\":{\"@id\":\"https:\\\/\\\/italwaxfrance.fr\\\/particulier\\\/product\\\/spatules-en-bois-a-cire\\\/#primaryimage\"},\"image\":{\"@id\":\"https:\\\/\\\/italwaxfrance.fr\\\/particulier\\\/product\\\/spatules-en-bois-a-cire\\\/#primaryimage\"},\"thumbnailUrl\":\"https:\\\/\\\/italwaxfrance.fr\\\/particulier\\\/wp-content\\\/uploads\\\/sites\\\/12\\\/2022\\\/03\\\/italwax-shop-monouso-spatulas-1.jpg\",\"datePublished\":\"2022-03-29T14:21:28+00:00\",\"dateModified\":\"2025-08-11T11:51:17+00:00\",\"description\":\"Assurez une \u00e9pilation hygi\u00e9nique, s\u00fbre et pr\u00e9cise avec les spatules en bois \u00e0 cire (jetables) Italwax. Disponibles en 5 tailles.\",\"breadcrumb\":{\"@id\":\"https:\\\/\\\/italwaxfrance.fr\\\/particulier\\\/product\\\/spatules-en-bois-a-cire\\\/#breadcrumb\"},\"inLanguage\":\"fr-FR\",\"potentialAction\":[{\"@type\":\"ReadAction\",\"target\":[\"https:\\\/\\\/italwaxfrance.fr\\\/particulier\\\/product\\\/spatules-en-bois-a-cire\\\/\"]}]},{\"@type\":\"ImageObject\",\"inLanguage\":\"fr-FR\",\"@id\":\"https:\\\/\\\/italwaxfrance.fr\\\/particulier\\\/product\\\/spatules-en-bois-a-cire\\\/#primaryimage\",\"url\":\"https:\\\/\\\/italwaxfrance.fr\\\/particulier\\\/wp-content\\\/uploads\\\/sites\\\/12\\\/2022\\\/03\\\/italwax-shop-monouso-spatulas-1.jpg\",\"contentUrl\":\"https:\\\/\\\/italwaxfrance.fr\\\/particulier\\\/wp-content\\\/uploads\\\/sites\\\/12\\\/2022\\\/03\\\/italwax-shop-monouso-spatulas-1.jpg\",\"width\":1000,\"height\":1000,\"caption\":\"Les spatules en bois \u00e0 cire Italwax\"},{\"@type\":\"BreadcrumbList\",\"@id\":\"https:\\\/\\\/italwaxfrance.fr\\\/particulier\\\/product\\\/spatules-en-bois-a-cire\\\/#breadcrumb\",\"itemListElement\":[{\"@type\":\"ListItem\",\"position\":1,\"name\":\"Accueil\",\"item\":\"https:\\\/\\\/italwaxfrance.fr\\\/particulier\\\/\"},{\"@type\":\"ListItem\",\"position\":2,\"name\":\"Score\",\"item\":\"https:\\\/\\\/italwaxfrance.fr\\\/particulier\\\/shop\\\/\"},{\"@type\":\"ListItem\",\"position\":3,\"name\":\"Spatules \u00e0 cire\"}]},{\"@type\":\"WebSite\",\"@id\":\"https:\\\/\\\/italwaxfrance.fr\\\/particulier\\\/#website\",\"url\":\"https:\\\/\\\/italwaxfrance.fr\\\/particulier\\\/\",\"name\":\"Italwax France Particulier\",\"description\":\"Cosm\u00e9tiques professionnels\",\"publisher\":{\"@id\":\"https:\\\/\\\/italwaxfrance.fr\\\/particulier\\\/#organization\"},\"potentialAction\":[{\"@type\":\"SearchAction\",\"target\":{\"@type\":\"EntryPoint\",\"urlTemplate\":\"https:\\\/\\\/italwaxfrance.fr\\\/particulier\\\/?s={search_term_string}\"},\"query-input\":{\"@type\":\"PropertyValueSpecification\",\"valueRequired\":true,\"valueName\":\"search_term_string\"}}],\"inLanguage\":\"fr-FR\"},{\"@type\":\"Organization\",\"@id\":\"https:\\\/\\\/italwaxfrance.fr\\\/particulier\\\/#organization\",\"name\":\"Italwax France\",\"url\":\"https:\\\/\\\/italwaxfrance.fr\\\/particulier\\\/\",\"logo\":{\"@type\":\"ImageObject\",\"inLanguage\":\"fr-FR\",\"@id\":\"https:\\\/\\\/italwaxfrance.fr\\\/particulier\\\/#\\\/schema\\\/logo\\\/image\\\/\",\"url\":\"https:\\\/\\\/italwaxfrance.fr\\\/particulier\\\/wp-content\\\/uploads\\\/sites\\\/12\\\/2022\\\/04\\\/logo.png\",\"contentUrl\":\"https:\\\/\\\/italwaxfrance.fr\\\/particulier\\\/wp-content\\\/uploads\\\/sites\\\/12\\\/2022\\\/04\\\/logo.png\",\"width\":334,\"height\":158,\"caption\":\"Italwax France\"},\"image\":{\"@id\":\"https:\\\/\\\/italwaxfrance.fr\\\/particulier\\\/#\\\/schema\\\/logo\\\/image\\\/\"},\"sameAs\":[\"https:\\\/\\\/www.instagram.com\\\/italwaxfrance\\\/\",\"https:\\\/\\\/www.youtube.com\\\/@ItalwaxMedia\"]}]}<\/script>\n<!-- \/ Yoast SEO Premium plugin. -->","yoast_head_json":{"title":"Spatules \u00e0 cire - Italwax France Particulier","description":"Assurez une \u00e9pilation hygi\u00e9nique, s\u00fbre et pr\u00e9cise avec les spatules en bois \u00e0 cire (jetables) Italwax. Disponibles en 5 tailles.","robots":{"index":"index","follow":"follow","max-snippet":"max-snippet:-1","max-image-preview":"max-image-preview:large","max-video-preview":"max-video-preview:-1"},"canonical":"https:\/\/italwaxfrance.fr\/particulier\/product\/spatules-en-bois-a-cire\/","og_locale":"fr_FR","og_type":"article","og_title":"Spatules \u00e0 cire","og_description":"Assurez une \u00e9pilation hygi\u00e9nique, s\u00fbre et pr\u00e9cise avec les spatules en bois \u00e0 cire (jetables) Italwax. Disponibles en 5 tailles.","og_url":"https:\/\/italwaxfrance.fr\/particulier\/product\/spatules-en-bois-a-cire\/","og_site_name":"Italwax France Particulier","article_modified_time":"2025-08-11T11:51:17+00:00","og_image":[{"width":1000,"height":1000,"url":"http:\/\/italwaxfrance.fr\/particulier\/wp-content\/uploads\/sites\/12\/2022\/03\/italwax-shop-monouso-spatulas-1.jpg","type":"image\/jpeg"}],"twitter_card":"summary_large_image","twitter_misc":{"Dur\u00e9e de lecture estim\u00e9e":"2 minutes"},"schema":{"@context":"https:\/\/schema.org","@graph":[{"@type":"WebPage","@id":"https:\/\/italwaxfrance.fr\/particulier\/product\/spatules-en-bois-a-cire\/","url":"https:\/\/italwaxfrance.fr\/particulier\/product\/spatules-en-bois-a-cire\/","name":"Spatules \u00e0 cire - Italwax France Particulier","isPartOf":{"@id":"https:\/\/italwaxfrance.fr\/particulier\/#website"},"primaryImageOfPage":{"@id":"https:\/\/italwaxfrance.fr\/particulier\/product\/spatules-en-bois-a-cire\/#primaryimage"},"image":{"@id":"https:\/\/italwaxfrance.fr\/particulier\/product\/spatules-en-bois-a-cire\/#primaryimage"},"thumbnailUrl":"https:\/\/italwaxfrance.fr\/particulier\/wp-content\/uploads\/sites\/12\/2022\/03\/italwax-shop-monouso-spatulas-1.jpg","datePublished":"2022-03-29T14:21:28+00:00","dateModified":"2025-08-11T11:51:17+00:00","description":"Assurez une \u00e9pilation hygi\u00e9nique, s\u00fbre et pr\u00e9cise avec les spatules en bois \u00e0 cire (jetables) Italwax. Disponibles en 5 tailles.","breadcrumb":{"@id":"https:\/\/italwaxfrance.fr\/particulier\/product\/spatules-en-bois-a-cire\/#breadcrumb"},"inLanguage":"fr-FR","potentialAction":[{"@type":"ReadAction","target":["https:\/\/italwaxfrance.fr\/particulier\/product\/spatules-en-bois-a-cire\/"]}]},{"@type":"ImageObject","inLanguage":"fr-FR","@id":"https:\/\/italwaxfrance.fr\/particulier\/product\/spatules-en-bois-a-cire\/#primaryimage","url":"https:\/\/italwaxfrance.fr\/particulier\/wp-content\/uploads\/sites\/12\/2022\/03\/italwax-shop-monouso-spatulas-1.jpg","contentUrl":"https:\/\/italwaxfrance.fr\/particulier\/wp-content\/uploads\/sites\/12\/2022\/03\/italwax-shop-monouso-spatulas-1.jpg","width":1000,"height":1000,"caption":"Les spatules en bois \u00e0 cire Italwax"},{"@type":"BreadcrumbList","@id":"https:\/\/italwaxfrance.fr\/particulier\/product\/spatules-en-bois-a-cire\/#breadcrumb","itemListElement":[{"@type":"ListItem","position":1,"name":"Accueil","item":"https:\/\/italwaxfrance.fr\/particulier\/"},{"@type":"ListItem","position":2,"name":"Score","item":"https:\/\/italwaxfrance.fr\/particulier\/shop\/"},{"@type":"ListItem","position":3,"name":"Spatules \u00e0 cire"}]},{"@type":"WebSite","@id":"https:\/\/italwaxfrance.fr\/particulier\/#website","url":"https:\/\/italwaxfrance.fr\/particulier\/","name":"Italwax France Particulier","description":"Cosm\u00e9tiques professionnels","publisher":{"@id":"https:\/\/italwaxfrance.fr\/particulier\/#organization"},"potentialAction":[{"@type":"SearchAction","target":{"@type":"EntryPoint","urlTemplate":"https:\/\/italwaxfrance.fr\/particulier\/?s={search_term_string}"},"query-input":{"@type":"PropertyValueSpecification","valueRequired":true,"valueName":"search_term_string"}}],"inLanguage":"fr-FR"},{"@type":"Organization","@id":"https:\/\/italwaxfrance.fr\/particulier\/#organization","name":"Italwax France","url":"https:\/\/italwaxfrance.fr\/particulier\/","logo":{"@type":"ImageObject","inLanguage":"fr-FR","@id":"https:\/\/italwaxfrance.fr\/particulier\/#\/schema\/logo\/image\/","url":"https:\/\/italwaxfrance.fr\/particulier\/wp-content\/uploads\/sites\/12\/2022\/04\/logo.png","contentUrl":"https:\/\/italwaxfrance.fr\/particulier\/wp-content\/uploads\/sites\/12\/2022\/04\/logo.png","width":334,"height":158,"caption":"Italwax France"},"image":{"@id":"https:\/\/italwaxfrance.fr\/particulier\/#\/schema\/logo\/image\/"},"sameAs":["https:\/\/www.instagram.com\/italwaxfrance\/","https:\/\/www.youtube.com\/@ItalwaxMedia"]}]}},"_links":{"self":[{"href":"https:\/\/italwaxfrance.fr\/particulier\/wp-json\/wp\/v2\/product\/77","targetHints":{"allow":["GET"]}}],"collection":[{"href":"https:\/\/italwaxfrance.fr\/particulier\/wp-json\/wp\/v2\/product"}],"about":[{"href":"https:\/\/italwaxfrance.fr\/particulier\/wp-json\/wp\/v2\/types\/product"}],"replies":[{"embeddable":true,"href":"https:\/\/italwaxfrance.fr\/particulier\/wp-json\/wp\/v2\/comments?post=77"}],"wp:featuredmedia":[{"embeddable":true,"href":"https:\/\/italwaxfrance.fr\/particulier\/wp-json\/wp\/v2\/media\/1069"}],"wp:attachment":[{"href":"https:\/\/italwaxfrance.fr\/particulier\/wp-json\/wp\/v2\/media?parent=77"}],"wp:term":[{"taxonomy":"product_brand","embeddable":true,"href":"https:\/\/italwaxfrance.fr\/particulier\/wp-json\/wp\/v2\/product_brand?post=77"},{"taxonomy":"product_cat","embeddable":true,"href":"https:\/\/italwaxfrance.fr\/particulier\/wp-json\/wp\/v2\/product_cat?post=77"},{"taxonomy":"product_tag","embeddable":true,"href":"https:\/\/italwaxfrance.fr\/particulier\/wp-json\/wp\/v2\/product_tag?post=77"}],"curies":[{"name":"wp","href":"https:\/\/api.w.org\/{rel}","templated":true}]}}