{"id":41,"date":"2022-03-29T17:21:06","date_gmt":"2022-03-29T14:21:06","guid":{"rendered":"https:\/\/www.italwaxfrance.fr\/particulier\/?post_type=product&#038;p=41"},"modified":"2026-02-03T13:56:55","modified_gmt":"2026-02-03T10:56:55","slug":"miraveda-citrus-lotion-corps-italwax-beaute","status":"publish","type":"product","link":"https:\/\/italwaxfrance.fr\/particulier\/product\/miraveda-citrus-lotion-corps-italwax-beaute\/","title":{"rendered":"Lotion Corps aux Agrumes &#8211; Miraveda"},"content":{"rendered":"<h2><strong>Lotion Citrus Soins Corps Miraveda Italwax \u2013 Soin Hydratant et Tonifiant<\/strong><\/h2>\n<p>Les lotions soins corps Miraveda Italwax sont \u00e9labor\u00e9es \u00e0 partir d\u2019huiles naturelles de haute qualit\u00e9, offrant un traitement r\u00e9parateur pour les mains, les pieds et l&rsquo;ensemble du corps. Leur formule enrichie en composants hydratants et nourrissants aide \u00e0 lutter contre la s\u00e9cheresse, la peau qui tire et qui s&rsquo;\u00e9caille. Gr\u00e2ce \u00e0 leur texture l\u00e9g\u00e8re, ces lotions sont rapidement absorb\u00e9es par la peau sans laisser de film gras.<\/p>\n<h3><strong>Lotion Citrus \u2013 Un Soin Tonifiant et Hydratant<\/strong><\/h3>\n<p>La lotion corps Citrus Miraveda Italwax est un v\u00e9ritable soin tonifiant. Enrichie en huile essentielle de citrus, elle stimule la peau tout en lui offrant un \u00e9clat naturel. Elle hydrate en profondeur et am\u00e9liore l\u2019apparence de la peau en att\u00e9nuant les irr\u00e9gularit\u00e9s et les petites imperfections.<\/p>\n<p>Sa formule p\u00e9n\u00e8tre rapidement, procurant une sensation de fra\u00eecheur et de confort sans laisser de film gras. Le parfum subtil de l\u2019huile de zeste de citron rafra\u00eechit la peau et laisse une agr\u00e9able fragrance qui dure.<\/p>\n<p><strong>Conseils d\u2019utilisation<\/strong> : Appliquez la lotion sur la peau propre et massez d\u00e9licatement jusqu&rsquo;\u00e0 absorption compl\u00e8te.<\/p>\n<p><strong>Format<\/strong> : 250 ml \u2013 un soin pratique \u00e0 emporter partout pour une peau \u00e9clatante et hydrat\u00e9e.<\/p>\n","protected":false},"excerpt":{"rendered":"<p>Lotion Citrus Soins Corps Miraveda Italwax \u2013 Soin Hydratant et Tonifiant Les lotions soins corps Miraveda Italwax sont \u00e9labor\u00e9es \u00e0 partir d\u2019huiles naturelles de haute qualit\u00e9, offrant un traitement r\u00e9parateur pour les mains, les pieds et l&rsquo;ensemble du corps. Leur formule enrichie en composants hydratants et nourrissants aide \u00e0 lutter contre la s\u00e9cheresse, la peau&#8230; <a href=\"https:\/\/italwaxfrance.fr\/particulier\/product\/miraveda-citrus-lotion-corps-italwax-beaute\/\">Read More<\/a><\/p>\n","protected":false},"featured_media":84,"comment_status":"closed","ping_status":"closed","template":"","meta":[],"product_brand":[],"product_cat":[22,40],"product_tag":[],"class_list":{"0":"post-41","1":"product","2":"type-product","3":"status-publish","4":"has-post-thumbnail","6":"product_cat-cosmetiques-naturels-soins-de-la-peau-miraveda-gommages-lotions","7":"product_cat-huilles-et-lotions","9":"first","10":"instock","11":"taxable","12":"shipping-taxable","13":"purchasable","14":"product-type-simple"},"yoast_head":"<!-- This site is optimized with the Yoast SEO Premium plugin v27.2 (Yoast SEO v27.5) - https:\/\/yoast.com\/product\/yoast-seo-premium-wordpress\/ -->\n<title>Lotion Corps aux Agrumes - Miraveda - Italwax France Particulier<\/title>\n<meta name=\"description\" content=\"Offrez \u00e0 votre peau un soin r\u00e9parateur avec la Lotion Corps Citrus Miraveda. Enrichie en huiles naturelles, elle hydrate, tonifie et laisse un parfum frais.\" \/>\n<meta name=\"robots\" content=\"index, follow, max-snippet:-1, max-image-preview:large, max-video-preview:-1\" \/>\n<link rel=\"canonical\" href=\"https:\/\/italwaxfrance.fr\/particulier\/product\/miraveda-citrus-lotion-corps-italwax-beaute\/\" \/>\n<meta property=\"og:locale\" content=\"fr_FR\" \/>\n<meta property=\"og:type\" content=\"article\" \/>\n<meta property=\"og:title\" content=\"Lotion Corps aux Agrumes - Miraveda\" \/>\n<meta property=\"og:description\" content=\"Offrez \u00e0 votre peau un soin r\u00e9parateur avec la Lotion Corps Citrus Miraveda. Enrichie en huiles naturelles, elle hydrate, tonifie et laisse un parfum frais.\" \/>\n<meta property=\"og:url\" content=\"https:\/\/italwaxfrance.fr\/particulier\/product\/miraveda-citrus-lotion-corps-italwax-beaute\/\" \/>\n<meta property=\"og:site_name\" content=\"Italwax France Particulier\" \/>\n<meta property=\"article:modified_time\" content=\"2026-02-03T10:56:55+00:00\" \/>\n<meta property=\"og:image\" content=\"http:\/\/italwaxfrance.fr\/particulier\/wp-content\/uploads\/sites\/12\/2022\/03\/miraveda_lotion_citrus.jpg\" \/>\n\t<meta property=\"og:image:width\" content=\"1180\" \/>\n\t<meta property=\"og:image:height\" content=\"600\" \/>\n\t<meta property=\"og:image:type\" content=\"image\/jpeg\" \/>\n<meta name=\"twitter:card\" content=\"summary_large_image\" \/>\n<meta name=\"twitter:label1\" content=\"Dur\u00e9e de lecture estim\u00e9e\" \/>\n\t<meta name=\"twitter:data1\" content=\"2 minutes\" \/>\n<script type=\"application\/ld+json\" class=\"yoast-schema-graph\">{\"@context\":\"https:\\\/\\\/schema.org\",\"@graph\":[{\"@type\":\"WebPage\",\"@id\":\"https:\\\/\\\/italwaxfrance.fr\\\/particulier\\\/product\\\/miraveda-citrus-lotion-corps-italwax-beaute\\\/\",\"url\":\"https:\\\/\\\/italwaxfrance.fr\\\/particulier\\\/product\\\/miraveda-citrus-lotion-corps-italwax-beaute\\\/\",\"name\":\"Lotion Corps aux Agrumes - Miraveda - Italwax France Particulier\",\"isPartOf\":{\"@id\":\"https:\\\/\\\/italwaxfrance.fr\\\/particulier\\\/#website\"},\"primaryImageOfPage\":{\"@id\":\"https:\\\/\\\/italwaxfrance.fr\\\/particulier\\\/product\\\/miraveda-citrus-lotion-corps-italwax-beaute\\\/#primaryimage\"},\"image\":{\"@id\":\"https:\\\/\\\/italwaxfrance.fr\\\/particulier\\\/product\\\/miraveda-citrus-lotion-corps-italwax-beaute\\\/#primaryimage\"},\"thumbnailUrl\":\"https:\\\/\\\/italwaxfrance.fr\\\/particulier\\\/wp-content\\\/uploads\\\/sites\\\/12\\\/2022\\\/03\\\/miraveda_lotion_citrus.jpg\",\"datePublished\":\"2022-03-29T14:21:06+00:00\",\"dateModified\":\"2026-02-03T10:56:55+00:00\",\"description\":\"Offrez \u00e0 votre peau un soin r\u00e9parateur avec la Lotion Corps Citrus Miraveda. Enrichie en huiles naturelles, elle hydrate, tonifie et laisse un parfum frais.\",\"breadcrumb\":{\"@id\":\"https:\\\/\\\/italwaxfrance.fr\\\/particulier\\\/product\\\/miraveda-citrus-lotion-corps-italwax-beaute\\\/#breadcrumb\"},\"inLanguage\":\"fr-FR\",\"potentialAction\":[{\"@type\":\"ReadAction\",\"target\":[\"https:\\\/\\\/italwaxfrance.fr\\\/particulier\\\/product\\\/miraveda-citrus-lotion-corps-italwax-beaute\\\/\"]}]},{\"@type\":\"ImageObject\",\"inLanguage\":\"fr-FR\",\"@id\":\"https:\\\/\\\/italwaxfrance.fr\\\/particulier\\\/product\\\/miraveda-citrus-lotion-corps-italwax-beaute\\\/#primaryimage\",\"url\":\"https:\\\/\\\/italwaxfrance.fr\\\/particulier\\\/wp-content\\\/uploads\\\/sites\\\/12\\\/2022\\\/03\\\/miraveda_lotion_citrus.jpg\",\"contentUrl\":\"https:\\\/\\\/italwaxfrance.fr\\\/particulier\\\/wp-content\\\/uploads\\\/sites\\\/12\\\/2022\\\/03\\\/miraveda_lotion_citrus.jpg\",\"width\":1180,\"height\":600,\"caption\":\"Lotion Citrus Soins Corps Miraveda Italwax\"},{\"@type\":\"BreadcrumbList\",\"@id\":\"https:\\\/\\\/italwaxfrance.fr\\\/particulier\\\/product\\\/miraveda-citrus-lotion-corps-italwax-beaute\\\/#breadcrumb\",\"itemListElement\":[{\"@type\":\"ListItem\",\"position\":1,\"name\":\"Accueil\",\"item\":\"https:\\\/\\\/italwaxfrance.fr\\\/particulier\\\/\"},{\"@type\":\"ListItem\",\"position\":2,\"name\":\"Score\",\"item\":\"https:\\\/\\\/italwaxfrance.fr\\\/particulier\\\/shop\\\/\"},{\"@type\":\"ListItem\",\"position\":3,\"name\":\"Lotion Corps aux Agrumes &#8211; Miraveda\"}]},{\"@type\":\"WebSite\",\"@id\":\"https:\\\/\\\/italwaxfrance.fr\\\/particulier\\\/#website\",\"url\":\"https:\\\/\\\/italwaxfrance.fr\\\/particulier\\\/\",\"name\":\"Italwax France Particulier\",\"description\":\"Cosm\u00e9tiques professionnels\",\"publisher\":{\"@id\":\"https:\\\/\\\/italwaxfrance.fr\\\/particulier\\\/#organization\"},\"potentialAction\":[{\"@type\":\"SearchAction\",\"target\":{\"@type\":\"EntryPoint\",\"urlTemplate\":\"https:\\\/\\\/italwaxfrance.fr\\\/particulier\\\/?s={search_term_string}\"},\"query-input\":{\"@type\":\"PropertyValueSpecification\",\"valueRequired\":true,\"valueName\":\"search_term_string\"}}],\"inLanguage\":\"fr-FR\"},{\"@type\":\"Organization\",\"@id\":\"https:\\\/\\\/italwaxfrance.fr\\\/particulier\\\/#organization\",\"name\":\"Italwax France\",\"url\":\"https:\\\/\\\/italwaxfrance.fr\\\/particulier\\\/\",\"logo\":{\"@type\":\"ImageObject\",\"inLanguage\":\"fr-FR\",\"@id\":\"https:\\\/\\\/italwaxfrance.fr\\\/particulier\\\/#\\\/schema\\\/logo\\\/image\\\/\",\"url\":\"https:\\\/\\\/italwaxfrance.fr\\\/particulier\\\/wp-content\\\/uploads\\\/sites\\\/12\\\/2022\\\/04\\\/logo.png\",\"contentUrl\":\"https:\\\/\\\/italwaxfrance.fr\\\/particulier\\\/wp-content\\\/uploads\\\/sites\\\/12\\\/2022\\\/04\\\/logo.png\",\"width\":334,\"height\":158,\"caption\":\"Italwax France\"},\"image\":{\"@id\":\"https:\\\/\\\/italwaxfrance.fr\\\/particulier\\\/#\\\/schema\\\/logo\\\/image\\\/\"},\"sameAs\":[\"https:\\\/\\\/www.instagram.com\\\/italwaxfrance\\\/\",\"https:\\\/\\\/www.youtube.com\\\/@ItalwaxMedia\"]}]}<\/script>\n<!-- \/ Yoast SEO Premium plugin. -->","yoast_head_json":{"title":"Lotion Corps aux Agrumes - Miraveda - Italwax France Particulier","description":"Offrez \u00e0 votre peau un soin r\u00e9parateur avec la Lotion Corps Citrus Miraveda. Enrichie en huiles naturelles, elle hydrate, tonifie et laisse un parfum frais.","robots":{"index":"index","follow":"follow","max-snippet":"max-snippet:-1","max-image-preview":"max-image-preview:large","max-video-preview":"max-video-preview:-1"},"canonical":"https:\/\/italwaxfrance.fr\/particulier\/product\/miraveda-citrus-lotion-corps-italwax-beaute\/","og_locale":"fr_FR","og_type":"article","og_title":"Lotion Corps aux Agrumes - Miraveda","og_description":"Offrez \u00e0 votre peau un soin r\u00e9parateur avec la Lotion Corps Citrus Miraveda. Enrichie en huiles naturelles, elle hydrate, tonifie et laisse un parfum frais.","og_url":"https:\/\/italwaxfrance.fr\/particulier\/product\/miraveda-citrus-lotion-corps-italwax-beaute\/","og_site_name":"Italwax France Particulier","article_modified_time":"2026-02-03T10:56:55+00:00","og_image":[{"width":1180,"height":600,"url":"http:\/\/italwaxfrance.fr\/particulier\/wp-content\/uploads\/sites\/12\/2022\/03\/miraveda_lotion_citrus.jpg","type":"image\/jpeg"}],"twitter_card":"summary_large_image","twitter_misc":{"Dur\u00e9e de lecture estim\u00e9e":"2 minutes"},"schema":{"@context":"https:\/\/schema.org","@graph":[{"@type":"WebPage","@id":"https:\/\/italwaxfrance.fr\/particulier\/product\/miraveda-citrus-lotion-corps-italwax-beaute\/","url":"https:\/\/italwaxfrance.fr\/particulier\/product\/miraveda-citrus-lotion-corps-italwax-beaute\/","name":"Lotion Corps aux Agrumes - Miraveda - Italwax France Particulier","isPartOf":{"@id":"https:\/\/italwaxfrance.fr\/particulier\/#website"},"primaryImageOfPage":{"@id":"https:\/\/italwaxfrance.fr\/particulier\/product\/miraveda-citrus-lotion-corps-italwax-beaute\/#primaryimage"},"image":{"@id":"https:\/\/italwaxfrance.fr\/particulier\/product\/miraveda-citrus-lotion-corps-italwax-beaute\/#primaryimage"},"thumbnailUrl":"https:\/\/italwaxfrance.fr\/particulier\/wp-content\/uploads\/sites\/12\/2022\/03\/miraveda_lotion_citrus.jpg","datePublished":"2022-03-29T14:21:06+00:00","dateModified":"2026-02-03T10:56:55+00:00","description":"Offrez \u00e0 votre peau un soin r\u00e9parateur avec la Lotion Corps Citrus Miraveda. Enrichie en huiles naturelles, elle hydrate, tonifie et laisse un parfum frais.","breadcrumb":{"@id":"https:\/\/italwaxfrance.fr\/particulier\/product\/miraveda-citrus-lotion-corps-italwax-beaute\/#breadcrumb"},"inLanguage":"fr-FR","potentialAction":[{"@type":"ReadAction","target":["https:\/\/italwaxfrance.fr\/particulier\/product\/miraveda-citrus-lotion-corps-italwax-beaute\/"]}]},{"@type":"ImageObject","inLanguage":"fr-FR","@id":"https:\/\/italwaxfrance.fr\/particulier\/product\/miraveda-citrus-lotion-corps-italwax-beaute\/#primaryimage","url":"https:\/\/italwaxfrance.fr\/particulier\/wp-content\/uploads\/sites\/12\/2022\/03\/miraveda_lotion_citrus.jpg","contentUrl":"https:\/\/italwaxfrance.fr\/particulier\/wp-content\/uploads\/sites\/12\/2022\/03\/miraveda_lotion_citrus.jpg","width":1180,"height":600,"caption":"Lotion Citrus Soins Corps Miraveda Italwax"},{"@type":"BreadcrumbList","@id":"https:\/\/italwaxfrance.fr\/particulier\/product\/miraveda-citrus-lotion-corps-italwax-beaute\/#breadcrumb","itemListElement":[{"@type":"ListItem","position":1,"name":"Accueil","item":"https:\/\/italwaxfrance.fr\/particulier\/"},{"@type":"ListItem","position":2,"name":"Score","item":"https:\/\/italwaxfrance.fr\/particulier\/shop\/"},{"@type":"ListItem","position":3,"name":"Lotion Corps aux Agrumes &#8211; Miraveda"}]},{"@type":"WebSite","@id":"https:\/\/italwaxfrance.fr\/particulier\/#website","url":"https:\/\/italwaxfrance.fr\/particulier\/","name":"Italwax France Particulier","description":"Cosm\u00e9tiques professionnels","publisher":{"@id":"https:\/\/italwaxfrance.fr\/particulier\/#organization"},"potentialAction":[{"@type":"SearchAction","target":{"@type":"EntryPoint","urlTemplate":"https:\/\/italwaxfrance.fr\/particulier\/?s={search_term_string}"},"query-input":{"@type":"PropertyValueSpecification","valueRequired":true,"valueName":"search_term_string"}}],"inLanguage":"fr-FR"},{"@type":"Organization","@id":"https:\/\/italwaxfrance.fr\/particulier\/#organization","name":"Italwax France","url":"https:\/\/italwaxfrance.fr\/particulier\/","logo":{"@type":"ImageObject","inLanguage":"fr-FR","@id":"https:\/\/italwaxfrance.fr\/particulier\/#\/schema\/logo\/image\/","url":"https:\/\/italwaxfrance.fr\/particulier\/wp-content\/uploads\/sites\/12\/2022\/04\/logo.png","contentUrl":"https:\/\/italwaxfrance.fr\/particulier\/wp-content\/uploads\/sites\/12\/2022\/04\/logo.png","width":334,"height":158,"caption":"Italwax France"},"image":{"@id":"https:\/\/italwaxfrance.fr\/particulier\/#\/schema\/logo\/image\/"},"sameAs":["https:\/\/www.instagram.com\/italwaxfrance\/","https:\/\/www.youtube.com\/@ItalwaxMedia"]}]}},"_links":{"self":[{"href":"https:\/\/italwaxfrance.fr\/particulier\/wp-json\/wp\/v2\/product\/41","targetHints":{"allow":["GET"]}}],"collection":[{"href":"https:\/\/italwaxfrance.fr\/particulier\/wp-json\/wp\/v2\/product"}],"about":[{"href":"https:\/\/italwaxfrance.fr\/particulier\/wp-json\/wp\/v2\/types\/product"}],"replies":[{"embeddable":true,"href":"https:\/\/italwaxfrance.fr\/particulier\/wp-json\/wp\/v2\/comments?post=41"}],"wp:featuredmedia":[{"embeddable":true,"href":"https:\/\/italwaxfrance.fr\/particulier\/wp-json\/wp\/v2\/media\/84"}],"wp:attachment":[{"href":"https:\/\/italwaxfrance.fr\/particulier\/wp-json\/wp\/v2\/media?parent=41"}],"wp:term":[{"taxonomy":"product_brand","embeddable":true,"href":"https:\/\/italwaxfrance.fr\/particulier\/wp-json\/wp\/v2\/product_brand?post=41"},{"taxonomy":"product_cat","embeddable":true,"href":"https:\/\/italwaxfrance.fr\/particulier\/wp-json\/wp\/v2\/product_cat?post=41"},{"taxonomy":"product_tag","embeddable":true,"href":"https:\/\/italwaxfrance.fr\/particulier\/wp-json\/wp\/v2\/product_tag?post=41"}],"curies":[{"name":"wp","href":"https:\/\/api.w.org\/{rel}","templated":true}]}}