{"id":276,"date":"2022-03-29T17:24:48","date_gmt":"2022-03-29T14:24:48","guid":{"rendered":"https:\/\/www.italwaxfrance.fr\/particulier\/?post_type=product&#038;p=276"},"modified":"2026-04-24T14:45:54","modified_gmt":"2026-04-24T11:45:54","slug":"kit-epilation-maison-sans-douleur-chauffe-cire-glowax","status":"publish","type":"product","link":"https:\/\/italwaxfrance.fr\/particulier\/product\/kit-epilation-maison-sans-douleur-chauffe-cire-glowax\/","title":{"rendered":"Kit \u00e9pilation maison &#8211; Italwax Glowax Kit"},"content":{"rendered":"<h2><span style=\"font-size: 14pt;\"><strong>Italwax Glowax Kit \u2013 Kit Complet d\u2019\u00c9pilation maison pour Visage et Corps<\/strong><\/span><\/h2>\n<p>Le <strong>Italwax Glowax Kit<\/strong> est un kit innovant con\u00e7u pour l\u2019\u00e9pilation du visage \u00e0 la maison, tout en offrant une qualit\u00e9 professionnelle. Ce kit est parfait pour ceux qui recherchent une \u00e9pilation rapide, efficace et confortable \u00e0 la maison. Il comprend tous les \u00e9l\u00e9ments n\u00e9cessaires pour un soin complet et hygi\u00e9nique.<\/p>\n<h3><strong>Optimisation du Temps et Facilit\u00e9 d\u2019Utilisation<\/strong><\/h3>\n<p>Le <strong>Glowax Kit<\/strong> vous permet d\u2019\u00e9conomiser du temps en offrant une solution compl\u00e8te et pratique pour l\u2019\u00e9pilation \u00e0 domicile. Le kit contient 2 sachets de cire film paillet\u00e9 <strong>Glowax<\/strong> de 80 g, suffisant pour plus de 30 traitements pour les l\u00e8vres sup\u00e9rieures. De plus, un tutoriel vid\u00e9o accessible via un code QR vous guide tout au long de la proc\u00e9dure pour une exp\u00e9rience sans douleur et facile \u00e0 r\u00e9aliser.<\/p>\n<h3><strong>Composants de Haute Qualit\u00e9 pour une Exp\u00e9rience Sereine<\/strong><\/h3>\n<p>Ce kit contient un chauffe-cire 100% Made in Italy, sp\u00e9cialement con\u00e7u pour les cires film <strong>Italwax<\/strong>. Il est adapt\u00e9 aux peaux sensibles gr\u00e2ce \u00e0 la cire <strong>Cherry Pink<\/strong>, qui ne contient aucune r\u00e9sine naturelle et est id\u00e9ale pour les peaux sujettes aux rougeurs.<\/p>\n<p>Le <strong>Glowax Kit<\/strong> inclut \u00e9galement une s\u00e9rie de produits compl\u00e9mentaires tels qu\u2019un gel pr\u00e9-cire, une \u00e9mulsion apr\u00e8s-cire retardatrice, des spatules jetables et des lingettes nettoyantes pour une exp\u00e9rience d\u2019\u00e9pilation hygi\u00e9nique et compl\u00e8te.<\/p>\n<h3><strong>Id\u00e9al pour les Professionnels et les Esth\u00e9ticiennes<\/strong><\/h3>\n<p>Le kit est parfaitement adapt\u00e9 aux esth\u00e9ticiennes et pour des services d\u2019\u00e9pilation \u00e0 domicile. Gr\u00e2ce \u00e0 sa compacit\u00e9 et sa facilit\u00e9 de transport, il est id\u00e9al pour des \u00e9pilations mobiles. Le chauffe-cire \u00e0 temp\u00e9rature fixe \u00e9vite les risques de br\u00fblures, garantissant une utilisation en toute s\u00e9curit\u00e9.<\/p>\n<h3><strong>Contenu du Kit :<\/strong><\/h3>\n<ul>\n<li>1 chauffe-cire<\/li>\n<li>1 c\u00e2ble d\u2019alimentation<\/li>\n<li>1 capsule aluminium amovible<\/li>\n<li>2 sachets de cire film paillet\u00e9 Glowax (80 g)<\/li>\n<li>2 sachets de poudre de talc cosm\u00e9tique<\/li>\n<li>1 flacon de gel pr\u00e9-cire<\/li>\n<li>1 flacon d\u2019\u00e9mulsion apr\u00e8s-cire retardatrice<\/li>\n<li>20 spatules en bois jetables \u00ab Medium \u00bb<\/li>\n<li>10 spatules en bois jetables \u00ab Eyebrows \u00bb<\/li>\n<li>1 d\u00e9pliant d\u2019instructions<\/li>\n<li>2 sachets de lingettes nettoyantes pour chauffe-cire<\/li>\n<\/ul>\n<p><strong>\u00c0 savoir :<\/strong> Le chauffe-cire ne comporte pas de thermostat et fonctionne \u00e0 une temp\u00e9rature pr\u00e9d\u00e9finie de 45 degr\u00e9s, parfaitement adapt\u00e9e \u00e0 la cire <strong>Italwax<\/strong> pour \u00e9viter les br\u00fblures. Le temps de fonte de la cire est de 25 \u00e0 30 minutes, offrant ainsi un traitement rapide et sans risque.<\/p>\n","protected":false},"excerpt":{"rendered":"<p>Italwax Glowax Kit \u2013 Kit Complet d\u2019\u00c9pilation maison pour Visage et Corps Le Italwax Glowax Kit est un kit innovant con\u00e7u pour l\u2019\u00e9pilation du visage \u00e0 la maison, tout en offrant une qualit\u00e9 professionnelle. Ce kit est parfait pour ceux qui recherchent une \u00e9pilation rapide, efficace et confortable \u00e0 la maison. Il comprend tous les&#8230; <a href=\"https:\/\/italwaxfrance.fr\/particulier\/product\/kit-epilation-maison-sans-douleur-chauffe-cire-glowax\/\">Read More<\/a><\/p>\n","protected":false},"featured_media":1054,"comment_status":"open","ping_status":"closed","template":"","meta":[],"product_brand":[],"product_cat":[28,46],"product_tag":[],"class_list":{"0":"post-276","1":"product","2":"type-product","3":"status-publish","4":"has-post-thumbnail","6":"product_cat-chauffes-cire","7":"product_cat-starter-kits-depilation","9":"first","10":"instock","11":"featured","12":"taxable","13":"shipping-taxable","14":"purchasable","15":"product-type-simple"},"yoast_head":"<!-- This site is optimized with the Yoast SEO Premium plugin v27.2 (Yoast SEO v27.5) - https:\/\/yoast.com\/product\/yoast-seo-premium-wordpress\/ -->\n<title>Kit \u00e9pilation maison - Italwax Glowax Kit \u00e9pilation maison<\/title>\n<meta name=\"description\" content=\"Le kit \u00e9pilation maison Italwax Glowax, la solution parfaite pour une \u00e9pilation pro \u00e0 domicile. Complet et facile \u00e0 utiliser, efficace et sans douleur.\" \/>\n<meta name=\"robots\" content=\"index, follow, max-snippet:-1, max-image-preview:large, max-video-preview:-1\" \/>\n<link rel=\"canonical\" href=\"https:\/\/italwaxfrance.fr\/particulier\/product\/kit-epilation-maison-sans-douleur-chauffe-cire-glowax\/\" \/>\n<meta property=\"og:locale\" content=\"fr_FR\" \/>\n<meta property=\"og:type\" content=\"article\" \/>\n<meta property=\"og:title\" content=\"Kit \u00e9pilation maison - Italwax Glowax Kit\" \/>\n<meta property=\"og:description\" content=\"Le kit \u00e9pilation maison Italwax Glowax, la solution parfaite pour une \u00e9pilation pro \u00e0 domicile. Complet et facile \u00e0 utiliser, efficace et sans douleur.\" \/>\n<meta property=\"og:url\" content=\"https:\/\/italwaxfrance.fr\/particulier\/product\/kit-epilation-maison-sans-douleur-chauffe-cire-glowax\/\" \/>\n<meta property=\"og:site_name\" content=\"Italwax France Particulier\" \/>\n<meta property=\"article:modified_time\" content=\"2026-04-24T11:45:54+00:00\" \/>\n<meta property=\"og:image\" content=\"http:\/\/italwaxfrance.fr\/particulier\/wp-content\/uploads\/sites\/12\/2022\/03\/Glowax-Kit-Pack.jpg\" \/>\n\t<meta property=\"og:image:width\" content=\"1000\" \/>\n\t<meta property=\"og:image:height\" content=\"1000\" \/>\n\t<meta property=\"og:image:type\" content=\"image\/jpeg\" \/>\n<meta name=\"twitter:card\" content=\"summary_large_image\" \/>\n<meta name=\"twitter:label1\" content=\"Dur\u00e9e de lecture estim\u00e9e\" \/>\n\t<meta name=\"twitter:data1\" content=\"2 minutes\" \/>\n<script type=\"application\/ld+json\" class=\"yoast-schema-graph\">{\"@context\":\"https:\\\/\\\/schema.org\",\"@graph\":[{\"@type\":\"WebPage\",\"@id\":\"https:\\\/\\\/italwaxfrance.fr\\\/particulier\\\/product\\\/kit-epilation-maison-sans-douleur-chauffe-cire-glowax\\\/\",\"url\":\"https:\\\/\\\/italwaxfrance.fr\\\/particulier\\\/product\\\/kit-epilation-maison-sans-douleur-chauffe-cire-glowax\\\/\",\"name\":\"Kit \u00e9pilation maison - Italwax Glowax Kit \u00e9pilation maison\",\"isPartOf\":{\"@id\":\"https:\\\/\\\/italwaxfrance.fr\\\/particulier\\\/#website\"},\"primaryImageOfPage\":{\"@id\":\"https:\\\/\\\/italwaxfrance.fr\\\/particulier\\\/product\\\/kit-epilation-maison-sans-douleur-chauffe-cire-glowax\\\/#primaryimage\"},\"image\":{\"@id\":\"https:\\\/\\\/italwaxfrance.fr\\\/particulier\\\/product\\\/kit-epilation-maison-sans-douleur-chauffe-cire-glowax\\\/#primaryimage\"},\"thumbnailUrl\":\"https:\\\/\\\/italwaxfrance.fr\\\/particulier\\\/wp-content\\\/uploads\\\/sites\\\/12\\\/2022\\\/03\\\/Glowax-Kit-Pack.jpg\",\"datePublished\":\"2022-03-29T14:24:48+00:00\",\"dateModified\":\"2026-04-24T11:45:54+00:00\",\"description\":\"Le kit \u00e9pilation maison Italwax Glowax, la solution parfaite pour une \u00e9pilation pro \u00e0 domicile. Complet et facile \u00e0 utiliser, efficace et sans douleur.\",\"breadcrumb\":{\"@id\":\"https:\\\/\\\/italwaxfrance.fr\\\/particulier\\\/product\\\/kit-epilation-maison-sans-douleur-chauffe-cire-glowax\\\/#breadcrumb\"},\"inLanguage\":\"fr-FR\",\"potentialAction\":[{\"@type\":\"ReadAction\",\"target\":[\"https:\\\/\\\/italwaxfrance.fr\\\/particulier\\\/product\\\/kit-epilation-maison-sans-douleur-chauffe-cire-glowax\\\/\"]}]},{\"@type\":\"ImageObject\",\"inLanguage\":\"fr-FR\",\"@id\":\"https:\\\/\\\/italwaxfrance.fr\\\/particulier\\\/product\\\/kit-epilation-maison-sans-douleur-chauffe-cire-glowax\\\/#primaryimage\",\"url\":\"https:\\\/\\\/italwaxfrance.fr\\\/particulier\\\/wp-content\\\/uploads\\\/sites\\\/12\\\/2022\\\/03\\\/Glowax-Kit-Pack.jpg\",\"contentUrl\":\"https:\\\/\\\/italwaxfrance.fr\\\/particulier\\\/wp-content\\\/uploads\\\/sites\\\/12\\\/2022\\\/03\\\/Glowax-Kit-Pack.jpg\",\"width\":1000,\"height\":1000,\"caption\":\"Kit \u00e9pilation maison Glowax\"},{\"@type\":\"BreadcrumbList\",\"@id\":\"https:\\\/\\\/italwaxfrance.fr\\\/particulier\\\/product\\\/kit-epilation-maison-sans-douleur-chauffe-cire-glowax\\\/#breadcrumb\",\"itemListElement\":[{\"@type\":\"ListItem\",\"position\":1,\"name\":\"Accueil\",\"item\":\"https:\\\/\\\/italwaxfrance.fr\\\/particulier\\\/\"},{\"@type\":\"ListItem\",\"position\":2,\"name\":\"Score\",\"item\":\"https:\\\/\\\/italwaxfrance.fr\\\/particulier\\\/shop\\\/\"},{\"@type\":\"ListItem\",\"position\":3,\"name\":\"Kit \u00e9pilation maison &#8211; Italwax Glowax Kit\"}]},{\"@type\":\"WebSite\",\"@id\":\"https:\\\/\\\/italwaxfrance.fr\\\/particulier\\\/#website\",\"url\":\"https:\\\/\\\/italwaxfrance.fr\\\/particulier\\\/\",\"name\":\"Italwax France Particulier\",\"description\":\"Cosm\u00e9tiques professionnels\",\"publisher\":{\"@id\":\"https:\\\/\\\/italwaxfrance.fr\\\/particulier\\\/#organization\"},\"potentialAction\":[{\"@type\":\"SearchAction\",\"target\":{\"@type\":\"EntryPoint\",\"urlTemplate\":\"https:\\\/\\\/italwaxfrance.fr\\\/particulier\\\/?s={search_term_string}\"},\"query-input\":{\"@type\":\"PropertyValueSpecification\",\"valueRequired\":true,\"valueName\":\"search_term_string\"}}],\"inLanguage\":\"fr-FR\"},{\"@type\":\"Organization\",\"@id\":\"https:\\\/\\\/italwaxfrance.fr\\\/particulier\\\/#organization\",\"name\":\"Italwax France\",\"url\":\"https:\\\/\\\/italwaxfrance.fr\\\/particulier\\\/\",\"logo\":{\"@type\":\"ImageObject\",\"inLanguage\":\"fr-FR\",\"@id\":\"https:\\\/\\\/italwaxfrance.fr\\\/particulier\\\/#\\\/schema\\\/logo\\\/image\\\/\",\"url\":\"https:\\\/\\\/italwaxfrance.fr\\\/particulier\\\/wp-content\\\/uploads\\\/sites\\\/12\\\/2022\\\/04\\\/logo.png\",\"contentUrl\":\"https:\\\/\\\/italwaxfrance.fr\\\/particulier\\\/wp-content\\\/uploads\\\/sites\\\/12\\\/2022\\\/04\\\/logo.png\",\"width\":334,\"height\":158,\"caption\":\"Italwax France\"},\"image\":{\"@id\":\"https:\\\/\\\/italwaxfrance.fr\\\/particulier\\\/#\\\/schema\\\/logo\\\/image\\\/\"},\"sameAs\":[\"https:\\\/\\\/www.instagram.com\\\/italwaxfrance\\\/\",\"https:\\\/\\\/www.youtube.com\\\/@ItalwaxMedia\"]}]}<\/script>\n<!-- \/ Yoast SEO Premium plugin. -->","yoast_head_json":{"title":"Kit \u00e9pilation maison - Italwax Glowax Kit \u00e9pilation maison","description":"Le kit \u00e9pilation maison Italwax Glowax, la solution parfaite pour une \u00e9pilation pro \u00e0 domicile. Complet et facile \u00e0 utiliser, efficace et sans douleur.","robots":{"index":"index","follow":"follow","max-snippet":"max-snippet:-1","max-image-preview":"max-image-preview:large","max-video-preview":"max-video-preview:-1"},"canonical":"https:\/\/italwaxfrance.fr\/particulier\/product\/kit-epilation-maison-sans-douleur-chauffe-cire-glowax\/","og_locale":"fr_FR","og_type":"article","og_title":"Kit \u00e9pilation maison - Italwax Glowax Kit","og_description":"Le kit \u00e9pilation maison Italwax Glowax, la solution parfaite pour une \u00e9pilation pro \u00e0 domicile. Complet et facile \u00e0 utiliser, efficace et sans douleur.","og_url":"https:\/\/italwaxfrance.fr\/particulier\/product\/kit-epilation-maison-sans-douleur-chauffe-cire-glowax\/","og_site_name":"Italwax France Particulier","article_modified_time":"2026-04-24T11:45:54+00:00","og_image":[{"width":1000,"height":1000,"url":"http:\/\/italwaxfrance.fr\/particulier\/wp-content\/uploads\/sites\/12\/2022\/03\/Glowax-Kit-Pack.jpg","type":"image\/jpeg"}],"twitter_card":"summary_large_image","twitter_misc":{"Dur\u00e9e de lecture estim\u00e9e":"2 minutes"},"schema":{"@context":"https:\/\/schema.org","@graph":[{"@type":"WebPage","@id":"https:\/\/italwaxfrance.fr\/particulier\/product\/kit-epilation-maison-sans-douleur-chauffe-cire-glowax\/","url":"https:\/\/italwaxfrance.fr\/particulier\/product\/kit-epilation-maison-sans-douleur-chauffe-cire-glowax\/","name":"Kit \u00e9pilation maison - Italwax Glowax Kit \u00e9pilation maison","isPartOf":{"@id":"https:\/\/italwaxfrance.fr\/particulier\/#website"},"primaryImageOfPage":{"@id":"https:\/\/italwaxfrance.fr\/particulier\/product\/kit-epilation-maison-sans-douleur-chauffe-cire-glowax\/#primaryimage"},"image":{"@id":"https:\/\/italwaxfrance.fr\/particulier\/product\/kit-epilation-maison-sans-douleur-chauffe-cire-glowax\/#primaryimage"},"thumbnailUrl":"https:\/\/italwaxfrance.fr\/particulier\/wp-content\/uploads\/sites\/12\/2022\/03\/Glowax-Kit-Pack.jpg","datePublished":"2022-03-29T14:24:48+00:00","dateModified":"2026-04-24T11:45:54+00:00","description":"Le kit \u00e9pilation maison Italwax Glowax, la solution parfaite pour une \u00e9pilation pro \u00e0 domicile. Complet et facile \u00e0 utiliser, efficace et sans douleur.","breadcrumb":{"@id":"https:\/\/italwaxfrance.fr\/particulier\/product\/kit-epilation-maison-sans-douleur-chauffe-cire-glowax\/#breadcrumb"},"inLanguage":"fr-FR","potentialAction":[{"@type":"ReadAction","target":["https:\/\/italwaxfrance.fr\/particulier\/product\/kit-epilation-maison-sans-douleur-chauffe-cire-glowax\/"]}]},{"@type":"ImageObject","inLanguage":"fr-FR","@id":"https:\/\/italwaxfrance.fr\/particulier\/product\/kit-epilation-maison-sans-douleur-chauffe-cire-glowax\/#primaryimage","url":"https:\/\/italwaxfrance.fr\/particulier\/wp-content\/uploads\/sites\/12\/2022\/03\/Glowax-Kit-Pack.jpg","contentUrl":"https:\/\/italwaxfrance.fr\/particulier\/wp-content\/uploads\/sites\/12\/2022\/03\/Glowax-Kit-Pack.jpg","width":1000,"height":1000,"caption":"Kit \u00e9pilation maison Glowax"},{"@type":"BreadcrumbList","@id":"https:\/\/italwaxfrance.fr\/particulier\/product\/kit-epilation-maison-sans-douleur-chauffe-cire-glowax\/#breadcrumb","itemListElement":[{"@type":"ListItem","position":1,"name":"Accueil","item":"https:\/\/italwaxfrance.fr\/particulier\/"},{"@type":"ListItem","position":2,"name":"Score","item":"https:\/\/italwaxfrance.fr\/particulier\/shop\/"},{"@type":"ListItem","position":3,"name":"Kit \u00e9pilation maison &#8211; Italwax Glowax Kit"}]},{"@type":"WebSite","@id":"https:\/\/italwaxfrance.fr\/particulier\/#website","url":"https:\/\/italwaxfrance.fr\/particulier\/","name":"Italwax France Particulier","description":"Cosm\u00e9tiques professionnels","publisher":{"@id":"https:\/\/italwaxfrance.fr\/particulier\/#organization"},"potentialAction":[{"@type":"SearchAction","target":{"@type":"EntryPoint","urlTemplate":"https:\/\/italwaxfrance.fr\/particulier\/?s={search_term_string}"},"query-input":{"@type":"PropertyValueSpecification","valueRequired":true,"valueName":"search_term_string"}}],"inLanguage":"fr-FR"},{"@type":"Organization","@id":"https:\/\/italwaxfrance.fr\/particulier\/#organization","name":"Italwax France","url":"https:\/\/italwaxfrance.fr\/particulier\/","logo":{"@type":"ImageObject","inLanguage":"fr-FR","@id":"https:\/\/italwaxfrance.fr\/particulier\/#\/schema\/logo\/image\/","url":"https:\/\/italwaxfrance.fr\/particulier\/wp-content\/uploads\/sites\/12\/2022\/04\/logo.png","contentUrl":"https:\/\/italwaxfrance.fr\/particulier\/wp-content\/uploads\/sites\/12\/2022\/04\/logo.png","width":334,"height":158,"caption":"Italwax France"},"image":{"@id":"https:\/\/italwaxfrance.fr\/particulier\/#\/schema\/logo\/image\/"},"sameAs":["https:\/\/www.instagram.com\/italwaxfrance\/","https:\/\/www.youtube.com\/@ItalwaxMedia"]}]}},"_links":{"self":[{"href":"https:\/\/italwaxfrance.fr\/particulier\/wp-json\/wp\/v2\/product\/276","targetHints":{"allow":["GET"]}}],"collection":[{"href":"https:\/\/italwaxfrance.fr\/particulier\/wp-json\/wp\/v2\/product"}],"about":[{"href":"https:\/\/italwaxfrance.fr\/particulier\/wp-json\/wp\/v2\/types\/product"}],"replies":[{"embeddable":true,"href":"https:\/\/italwaxfrance.fr\/particulier\/wp-json\/wp\/v2\/comments?post=276"}],"wp:featuredmedia":[{"embeddable":true,"href":"https:\/\/italwaxfrance.fr\/particulier\/wp-json\/wp\/v2\/media\/1054"}],"wp:attachment":[{"href":"https:\/\/italwaxfrance.fr\/particulier\/wp-json\/wp\/v2\/media?parent=276"}],"wp:term":[{"taxonomy":"product_brand","embeddable":true,"href":"https:\/\/italwaxfrance.fr\/particulier\/wp-json\/wp\/v2\/product_brand?post=276"},{"taxonomy":"product_cat","embeddable":true,"href":"https:\/\/italwaxfrance.fr\/particulier\/wp-json\/wp\/v2\/product_cat?post=276"},{"taxonomy":"product_tag","embeddable":true,"href":"https:\/\/italwaxfrance.fr\/particulier\/wp-json\/wp\/v2\/product_tag?post=276"}],"curies":[{"name":"wp","href":"https:\/\/api.w.org\/{rel}","templated":true}]}}