{"id":1860,"date":"2025-06-11T14:29:58","date_gmt":"2025-06-11T11:29:58","guid":{"rendered":"https:\/\/italwaxfrance.fr\/particulier\/?post_type=product&#038;p=1860"},"modified":"2025-10-17T10:54:44","modified_gmt":"2025-10-17T07:54:44","slug":"baume-post-epilation-pour-homme","status":"publish","type":"product","link":"https:\/\/italwaxfrance.fr\/particulier\/product\/baume-post-epilation-pour-homme\/","title":{"rendered":"Baume Apr\u00e8s \u00c9pilation Pour Homme"},"content":{"rendered":"<div class=\"woocommerce-product-details__short-description\">\n<div class=\"woocommerce-product-details__short-description\">\n<div class=\"woocommerce-product-details__short-description\">\n<h2 data-start=\"0\" data-end=\"103\">Baume Post-\u00c9pilation Italwax Pour Homme \u2013 Apaisement, Hydratation et Fra\u00eecheur Apr\u00e8s l&rsquo;\u00c9pilation<\/h2>\n<p data-start=\"105\" data-end=\"385\">Prenez soin de votre peau apr\u00e8s chaque \u00e9pilation avec le <strong data-start=\"162\" data-end=\"205\">Baume Post-\u00c9pilation Italwax Pour Homme.<\/strong> Cette baume est\u00a0sp\u00e9cialement con\u00e7u pour r\u00e9pondre aux besoins masculins. Ce baume apaise, hydrate et rafra\u00eechit la peau imm\u00e9diatement apr\u00e8s l\u2019utilisation de la cire, m\u00eame sur les zones sensibles.<\/p>\n<p data-start=\"387\" data-end=\"586\">Gr\u00e2ce \u00e0 sa <strong data-start=\"398\" data-end=\"430\">texture l\u00e9g\u00e8re et non grasse<\/strong>, il s\u2019applique facilement et p\u00e9n\u00e8tre rapidement sans laisser de film collant. Vous pouvez vous rhabiller tout de suite apr\u00e8s l\u2019application, sans inconfort.<\/p>\n<p data-start=\"588\" data-end=\"823\">Formul\u00e9 pour calmer la peau apr\u00e8s l\u2019\u00e9pilation, il aide \u00e0 <strong data-start=\"645\" data-end=\"698\">r\u00e9duire les rougeurs, pr\u00e9venir les poils incarn\u00e9s<\/strong> et limiter les irritations. Sa <strong data-start=\"730\" data-end=\"766\">sensation de fra\u00eecheur imm\u00e9diate<\/strong> apporte un r\u00e9el soulagement apr\u00e8s le retrait de la cire.<\/p>\n<p data-start=\"825\" data-end=\"1071\">Le baume laisse \u00e9galement un <strong data-start=\"854\" data-end=\"893\">parfum masculin discret et agr\u00e9able<\/strong>, qui prolonge la sensation de propret\u00e9 et de soin. Il peut \u00eatre utilis\u00e9 aussi bien sur le visage que sur le corps, apr\u00e8s l\u2019\u00e9pilation des bras, du dos, des jambes ou de la barbe.<\/p>\n<p data-start=\"1073\" data-end=\"1347\">Ce soin post-\u00e9pilation est compatible avec <strong data-start=\"1116\" data-end=\"1144\">toutes les cires<\/strong>, qu\u2019elles soient <strong data-start=\"1162\" data-end=\"1193\"><a href=\"https:\/\/italwaxfrance.fr\/particulier\/product-category\/italwax-cire-liposoluble-cartouches-et-pots-roll-on\/\">liposolubles<\/a> ou <a href=\"https:\/\/italwaxfrance.fr\/particulier\/product-category\/cires-hypoallergeniques-pelables-sans-colophane\/\">sans bandes<\/a><\/strong>. Pour un r\u00e9sultat optimal, nous recommandons son utilisation apr\u00e8s la <a href=\"https:\/\/italwaxfrance.fr\/particulier\/product-category\/italwax-cire-liposoluble-cartouches-et-pots-roll-on\/\"><strong data-start=\"1264\" data-end=\"1291\">Cire Pour Homme Italwax<\/strong><\/a>, sp\u00e9cialement d\u00e9velopp\u00e9e pour les poils forts et \u00e9pais.<\/p>\n<p data-start=\"1349\" data-end=\"1479\">Avec son <strong data-start=\"1358\" data-end=\"1387\">format g\u00e9n\u00e9reux de 250 ml<\/strong>, ce baume vous accompagne sur de nombreuses s\u00e9ances d\u2019\u00e9pilation, \u00e0 domicile ou en institut.<\/p>\n<h3 data-start=\"1486\" data-end=\"1513\">\ud83e\uddfc Comment l\u2019utiliser ?<\/h3>\n<ol data-start=\"1515\" data-end=\"1821\">\n<li data-start=\"1515\" data-end=\"1605\">\n<p data-start=\"1518\" data-end=\"1605\">Appliquez une petite quantit\u00e9 de baume post-\u00e9pilation Pour Homme sur la peau propre et s\u00e8che apr\u00e8s l\u2019\u00e9pilation.<\/p>\n<\/li>\n<li data-start=\"1606\" data-end=\"1659\">\n<p data-start=\"1609\" data-end=\"1659\">Massez d\u00e9licatement jusqu\u2019\u00e0 absorption compl\u00e8te.<\/p>\n<\/li>\n<li data-start=\"1660\" data-end=\"1739\">\n<p data-start=\"1663\" data-end=\"1739\">Utilisez apr\u00e8s chaque s\u00e9ance pour apaiser et hydrater la peau durablement.<\/p>\n<\/li>\n<li data-start=\"1740\" data-end=\"1821\">\n<p data-start=\"1743\" data-end=\"1821\">Convient pour une utilisation sur le visage, le torse, les jambes ou le dos.<\/p>\n<\/li>\n<\/ol>\n<p data-start=\"1828\" data-end=\"2027\">\ud83d\udca7 Apaise, hydrate et rafra\u00eechit<br data-start=\"1860\" data-end=\"1863\" \/>\ud83e\uddf4 Texture l\u00e9g\u00e8re, non grasse<br data-start=\"1892\" data-end=\"1895\" \/>\ud83c\udf3f Pr\u00e9vient les poils incarn\u00e9s<br data-start=\"1925\" data-end=\"1928\" \/>\ud83d\udc43 Parfum masculin agr\u00e9able<br data-start=\"1955\" data-end=\"1958\" \/>\ud83d\udce6 Format 250 ml<br data-start=\"1974\" data-end=\"1977\" \/>\ud83e\uddfc Compatible avec cire liposoluble ou sans bandes<\/p>\n<p data-start=\"2029\" data-end=\"2131\" data-is-last-node=\"\" data-is-only-node=\"\">Adoptez ce geste simple et efficace pour une <strong data-start=\"2074\" data-end=\"2130\">peau douce, nette et prot\u00e9g\u00e9e apr\u00e8s chaque \u00e9pilation<\/strong>.<\/p>\n<\/div>\n<form class=\"cart\" action=\"https:\/\/italwaxfrance.fr\/produits-post-epilation\/italwax-pour-homme-baume-post-epilation\/\" enctype=\"multipart\/form-data\" method=\"post\">\n<div class=\"qib-container\"><\/div>\n<\/form>\n<\/div>\n<\/div>\n","protected":false},"excerpt":{"rendered":"<p>Baume Post-\u00c9pilation Italwax Pour Homme \u2013 Apaisement, Hydratation et Fra\u00eecheur Apr\u00e8s l&rsquo;\u00c9pilation Prenez soin de votre peau apr\u00e8s chaque \u00e9pilation avec le Baume Post-\u00c9pilation Italwax Pour Homme. Cette baume est\u00a0sp\u00e9cialement con\u00e7u pour r\u00e9pondre aux besoins masculins. Ce baume apaise, hydrate et rafra\u00eechit la peau imm\u00e9diatement apr\u00e8s l\u2019utilisation de la cire, m\u00eame sur les zones sensibles&#8230;. <a href=\"https:\/\/italwaxfrance.fr\/particulier\/product\/baume-post-epilation-pour-homme\/\">Read More<\/a><\/p>\n","protected":false},"featured_media":1861,"comment_status":"open","ping_status":"closed","template":"","meta":[],"product_brand":[],"product_cat":[17,38],"product_tag":[],"class_list":{"0":"post-1860","1":"product","2":"type-product","3":"status-publish","4":"has-post-thumbnail","6":"product_cat-produits-post-epilation","7":"product_cat-italwax-pour-homme-waxing","9":"first","10":"instock","11":"taxable","12":"shipping-taxable","13":"purchasable","14":"product-type-simple"},"yoast_head":"<!-- This site is optimized with the Yoast SEO Premium plugin v27.2 (Yoast SEO v27.5) - https:\/\/yoast.com\/product\/yoast-seo-premium-wordpress\/ -->\n<title>Baume Apr\u00e8s \u00c9pilation Pour Homme - Italwax France Particulier<\/title>\n<meta name=\"description\" content=\"Le baume post-\u00e9pilation pour homme Italwax apaise, hydrate et rafra\u00eechit la peau apr\u00e8s la cire. Texture l\u00e9g\u00e8re, parfum masculin, format 250 ml.\" \/>\n<meta name=\"robots\" content=\"index, follow, max-snippet:-1, max-image-preview:large, max-video-preview:-1\" \/>\n<link rel=\"canonical\" href=\"https:\/\/italwaxfrance.fr\/particulier\/product\/baume-post-epilation-pour-homme\/\" \/>\n<meta property=\"og:locale\" content=\"fr_FR\" \/>\n<meta property=\"og:type\" content=\"article\" \/>\n<meta property=\"og:title\" content=\"Baume Apr\u00e8s \u00c9pilation Pour Homme\" \/>\n<meta property=\"og:description\" content=\"Le baume post-\u00e9pilation pour homme Italwax apaise, hydrate et rafra\u00eechit la peau apr\u00e8s la cire. Texture l\u00e9g\u00e8re, parfum masculin, format 250 ml.\" \/>\n<meta property=\"og:url\" content=\"https:\/\/italwaxfrance.fr\/particulier\/product\/baume-post-epilation-pour-homme\/\" \/>\n<meta property=\"og:site_name\" content=\"Italwax France Particulier\" \/>\n<meta property=\"article:modified_time\" content=\"2025-10-17T07:54:44+00:00\" \/>\n<meta property=\"og:image\" content=\"http:\/\/italwaxfrance.fr\/particulier\/wp-content\/uploads\/sites\/12\/2025\/06\/italwax-pour-homme-pre-wax-lotion-800x800-1.webp\" \/>\n\t<meta property=\"og:image:width\" content=\"800\" \/>\n\t<meta property=\"og:image:height\" content=\"800\" \/>\n\t<meta property=\"og:image:type\" content=\"image\/webp\" \/>\n<meta name=\"twitter:card\" content=\"summary_large_image\" \/>\n<meta name=\"twitter:label1\" content=\"Dur\u00e9e de lecture estim\u00e9e\" \/>\n\t<meta name=\"twitter:data1\" content=\"2 minutes\" \/>\n<script type=\"application\/ld+json\" class=\"yoast-schema-graph\">{\"@context\":\"https:\\\/\\\/schema.org\",\"@graph\":[{\"@type\":\"WebPage\",\"@id\":\"https:\\\/\\\/italwaxfrance.fr\\\/particulier\\\/product\\\/baume-post-epilation-pour-homme\\\/\",\"url\":\"https:\\\/\\\/italwaxfrance.fr\\\/particulier\\\/product\\\/baume-post-epilation-pour-homme\\\/\",\"name\":\"Baume Apr\u00e8s \u00c9pilation Pour Homme - Italwax France Particulier\",\"isPartOf\":{\"@id\":\"https:\\\/\\\/italwaxfrance.fr\\\/particulier\\\/#website\"},\"primaryImageOfPage\":{\"@id\":\"https:\\\/\\\/italwaxfrance.fr\\\/particulier\\\/product\\\/baume-post-epilation-pour-homme\\\/#primaryimage\"},\"image\":{\"@id\":\"https:\\\/\\\/italwaxfrance.fr\\\/particulier\\\/product\\\/baume-post-epilation-pour-homme\\\/#primaryimage\"},\"thumbnailUrl\":\"https:\\\/\\\/italwaxfrance.fr\\\/particulier\\\/wp-content\\\/uploads\\\/sites\\\/12\\\/2025\\\/06\\\/italwax-pour-homme-pre-wax-lotion-800x800-1.webp\",\"datePublished\":\"2025-06-11T11:29:58+00:00\",\"dateModified\":\"2025-10-17T07:54:44+00:00\",\"description\":\"Le baume post-\u00e9pilation pour homme Italwax apaise, hydrate et rafra\u00eechit la peau apr\u00e8s la cire. Texture l\u00e9g\u00e8re, parfum masculin, format 250 ml.\",\"breadcrumb\":{\"@id\":\"https:\\\/\\\/italwaxfrance.fr\\\/particulier\\\/product\\\/baume-post-epilation-pour-homme\\\/#breadcrumb\"},\"inLanguage\":\"fr-FR\",\"potentialAction\":[{\"@type\":\"ReadAction\",\"target\":[\"https:\\\/\\\/italwaxfrance.fr\\\/particulier\\\/product\\\/baume-post-epilation-pour-homme\\\/\"]}]},{\"@type\":\"ImageObject\",\"inLanguage\":\"fr-FR\",\"@id\":\"https:\\\/\\\/italwaxfrance.fr\\\/particulier\\\/product\\\/baume-post-epilation-pour-homme\\\/#primaryimage\",\"url\":\"https:\\\/\\\/italwaxfrance.fr\\\/particulier\\\/wp-content\\\/uploads\\\/sites\\\/12\\\/2025\\\/06\\\/italwax-pour-homme-pre-wax-lotion-800x800-1.webp\",\"contentUrl\":\"https:\\\/\\\/italwaxfrance.fr\\\/particulier\\\/wp-content\\\/uploads\\\/sites\\\/12\\\/2025\\\/06\\\/italwax-pour-homme-pre-wax-lotion-800x800-1.webp\",\"width\":800,\"height\":800,\"caption\":\"baume post \u00e9pilation pour homme\"},{\"@type\":\"BreadcrumbList\",\"@id\":\"https:\\\/\\\/italwaxfrance.fr\\\/particulier\\\/product\\\/baume-post-epilation-pour-homme\\\/#breadcrumb\",\"itemListElement\":[{\"@type\":\"ListItem\",\"position\":1,\"name\":\"Accueil\",\"item\":\"https:\\\/\\\/italwaxfrance.fr\\\/particulier\\\/\"},{\"@type\":\"ListItem\",\"position\":2,\"name\":\"Score\",\"item\":\"https:\\\/\\\/italwaxfrance.fr\\\/particulier\\\/shop\\\/\"},{\"@type\":\"ListItem\",\"position\":3,\"name\":\"Baume Apr\u00e8s \u00c9pilation Pour Homme\"}]},{\"@type\":\"WebSite\",\"@id\":\"https:\\\/\\\/italwaxfrance.fr\\\/particulier\\\/#website\",\"url\":\"https:\\\/\\\/italwaxfrance.fr\\\/particulier\\\/\",\"name\":\"Italwax France Particulier\",\"description\":\"Cosm\u00e9tiques professionnels\",\"publisher\":{\"@id\":\"https:\\\/\\\/italwaxfrance.fr\\\/particulier\\\/#organization\"},\"potentialAction\":[{\"@type\":\"SearchAction\",\"target\":{\"@type\":\"EntryPoint\",\"urlTemplate\":\"https:\\\/\\\/italwaxfrance.fr\\\/particulier\\\/?s={search_term_string}\"},\"query-input\":{\"@type\":\"PropertyValueSpecification\",\"valueRequired\":true,\"valueName\":\"search_term_string\"}}],\"inLanguage\":\"fr-FR\"},{\"@type\":\"Organization\",\"@id\":\"https:\\\/\\\/italwaxfrance.fr\\\/particulier\\\/#organization\",\"name\":\"Italwax France\",\"url\":\"https:\\\/\\\/italwaxfrance.fr\\\/particulier\\\/\",\"logo\":{\"@type\":\"ImageObject\",\"inLanguage\":\"fr-FR\",\"@id\":\"https:\\\/\\\/italwaxfrance.fr\\\/particulier\\\/#\\\/schema\\\/logo\\\/image\\\/\",\"url\":\"https:\\\/\\\/italwaxfrance.fr\\\/particulier\\\/wp-content\\\/uploads\\\/sites\\\/12\\\/2022\\\/04\\\/logo.png\",\"contentUrl\":\"https:\\\/\\\/italwaxfrance.fr\\\/particulier\\\/wp-content\\\/uploads\\\/sites\\\/12\\\/2022\\\/04\\\/logo.png\",\"width\":334,\"height\":158,\"caption\":\"Italwax France\"},\"image\":{\"@id\":\"https:\\\/\\\/italwaxfrance.fr\\\/particulier\\\/#\\\/schema\\\/logo\\\/image\\\/\"},\"sameAs\":[\"https:\\\/\\\/www.instagram.com\\\/italwaxfrance\\\/\",\"https:\\\/\\\/www.youtube.com\\\/@ItalwaxMedia\"]}]}<\/script>\n<!-- \/ Yoast SEO Premium plugin. -->","yoast_head_json":{"title":"Baume Apr\u00e8s \u00c9pilation Pour Homme - Italwax France Particulier","description":"Le baume post-\u00e9pilation pour homme Italwax apaise, hydrate et rafra\u00eechit la peau apr\u00e8s la cire. Texture l\u00e9g\u00e8re, parfum masculin, format 250 ml.","robots":{"index":"index","follow":"follow","max-snippet":"max-snippet:-1","max-image-preview":"max-image-preview:large","max-video-preview":"max-video-preview:-1"},"canonical":"https:\/\/italwaxfrance.fr\/particulier\/product\/baume-post-epilation-pour-homme\/","og_locale":"fr_FR","og_type":"article","og_title":"Baume Apr\u00e8s \u00c9pilation Pour Homme","og_description":"Le baume post-\u00e9pilation pour homme Italwax apaise, hydrate et rafra\u00eechit la peau apr\u00e8s la cire. Texture l\u00e9g\u00e8re, parfum masculin, format 250 ml.","og_url":"https:\/\/italwaxfrance.fr\/particulier\/product\/baume-post-epilation-pour-homme\/","og_site_name":"Italwax France Particulier","article_modified_time":"2025-10-17T07:54:44+00:00","og_image":[{"width":800,"height":800,"url":"http:\/\/italwaxfrance.fr\/particulier\/wp-content\/uploads\/sites\/12\/2025\/06\/italwax-pour-homme-pre-wax-lotion-800x800-1.webp","type":"image\/webp"}],"twitter_card":"summary_large_image","twitter_misc":{"Dur\u00e9e de lecture estim\u00e9e":"2 minutes"},"schema":{"@context":"https:\/\/schema.org","@graph":[{"@type":"WebPage","@id":"https:\/\/italwaxfrance.fr\/particulier\/product\/baume-post-epilation-pour-homme\/","url":"https:\/\/italwaxfrance.fr\/particulier\/product\/baume-post-epilation-pour-homme\/","name":"Baume Apr\u00e8s \u00c9pilation Pour Homme - Italwax France Particulier","isPartOf":{"@id":"https:\/\/italwaxfrance.fr\/particulier\/#website"},"primaryImageOfPage":{"@id":"https:\/\/italwaxfrance.fr\/particulier\/product\/baume-post-epilation-pour-homme\/#primaryimage"},"image":{"@id":"https:\/\/italwaxfrance.fr\/particulier\/product\/baume-post-epilation-pour-homme\/#primaryimage"},"thumbnailUrl":"https:\/\/italwaxfrance.fr\/particulier\/wp-content\/uploads\/sites\/12\/2025\/06\/italwax-pour-homme-pre-wax-lotion-800x800-1.webp","datePublished":"2025-06-11T11:29:58+00:00","dateModified":"2025-10-17T07:54:44+00:00","description":"Le baume post-\u00e9pilation pour homme Italwax apaise, hydrate et rafra\u00eechit la peau apr\u00e8s la cire. Texture l\u00e9g\u00e8re, parfum masculin, format 250 ml.","breadcrumb":{"@id":"https:\/\/italwaxfrance.fr\/particulier\/product\/baume-post-epilation-pour-homme\/#breadcrumb"},"inLanguage":"fr-FR","potentialAction":[{"@type":"ReadAction","target":["https:\/\/italwaxfrance.fr\/particulier\/product\/baume-post-epilation-pour-homme\/"]}]},{"@type":"ImageObject","inLanguage":"fr-FR","@id":"https:\/\/italwaxfrance.fr\/particulier\/product\/baume-post-epilation-pour-homme\/#primaryimage","url":"https:\/\/italwaxfrance.fr\/particulier\/wp-content\/uploads\/sites\/12\/2025\/06\/italwax-pour-homme-pre-wax-lotion-800x800-1.webp","contentUrl":"https:\/\/italwaxfrance.fr\/particulier\/wp-content\/uploads\/sites\/12\/2025\/06\/italwax-pour-homme-pre-wax-lotion-800x800-1.webp","width":800,"height":800,"caption":"baume post \u00e9pilation pour homme"},{"@type":"BreadcrumbList","@id":"https:\/\/italwaxfrance.fr\/particulier\/product\/baume-post-epilation-pour-homme\/#breadcrumb","itemListElement":[{"@type":"ListItem","position":1,"name":"Accueil","item":"https:\/\/italwaxfrance.fr\/particulier\/"},{"@type":"ListItem","position":2,"name":"Score","item":"https:\/\/italwaxfrance.fr\/particulier\/shop\/"},{"@type":"ListItem","position":3,"name":"Baume Apr\u00e8s \u00c9pilation Pour Homme"}]},{"@type":"WebSite","@id":"https:\/\/italwaxfrance.fr\/particulier\/#website","url":"https:\/\/italwaxfrance.fr\/particulier\/","name":"Italwax France Particulier","description":"Cosm\u00e9tiques professionnels","publisher":{"@id":"https:\/\/italwaxfrance.fr\/particulier\/#organization"},"potentialAction":[{"@type":"SearchAction","target":{"@type":"EntryPoint","urlTemplate":"https:\/\/italwaxfrance.fr\/particulier\/?s={search_term_string}"},"query-input":{"@type":"PropertyValueSpecification","valueRequired":true,"valueName":"search_term_string"}}],"inLanguage":"fr-FR"},{"@type":"Organization","@id":"https:\/\/italwaxfrance.fr\/particulier\/#organization","name":"Italwax France","url":"https:\/\/italwaxfrance.fr\/particulier\/","logo":{"@type":"ImageObject","inLanguage":"fr-FR","@id":"https:\/\/italwaxfrance.fr\/particulier\/#\/schema\/logo\/image\/","url":"https:\/\/italwaxfrance.fr\/particulier\/wp-content\/uploads\/sites\/12\/2022\/04\/logo.png","contentUrl":"https:\/\/italwaxfrance.fr\/particulier\/wp-content\/uploads\/sites\/12\/2022\/04\/logo.png","width":334,"height":158,"caption":"Italwax France"},"image":{"@id":"https:\/\/italwaxfrance.fr\/particulier\/#\/schema\/logo\/image\/"},"sameAs":["https:\/\/www.instagram.com\/italwaxfrance\/","https:\/\/www.youtube.com\/@ItalwaxMedia"]}]}},"_links":{"self":[{"href":"https:\/\/italwaxfrance.fr\/particulier\/wp-json\/wp\/v2\/product\/1860","targetHints":{"allow":["GET"]}}],"collection":[{"href":"https:\/\/italwaxfrance.fr\/particulier\/wp-json\/wp\/v2\/product"}],"about":[{"href":"https:\/\/italwaxfrance.fr\/particulier\/wp-json\/wp\/v2\/types\/product"}],"replies":[{"embeddable":true,"href":"https:\/\/italwaxfrance.fr\/particulier\/wp-json\/wp\/v2\/comments?post=1860"}],"wp:featuredmedia":[{"embeddable":true,"href":"https:\/\/italwaxfrance.fr\/particulier\/wp-json\/wp\/v2\/media\/1861"}],"wp:attachment":[{"href":"https:\/\/italwaxfrance.fr\/particulier\/wp-json\/wp\/v2\/media?parent=1860"}],"wp:term":[{"taxonomy":"product_brand","embeddable":true,"href":"https:\/\/italwaxfrance.fr\/particulier\/wp-json\/wp\/v2\/product_brand?post=1860"},{"taxonomy":"product_cat","embeddable":true,"href":"https:\/\/italwaxfrance.fr\/particulier\/wp-json\/wp\/v2\/product_cat?post=1860"},{"taxonomy":"product_tag","embeddable":true,"href":"https:\/\/italwaxfrance.fr\/particulier\/wp-json\/wp\/v2\/product_tag?post=1860"}],"curies":[{"name":"wp","href":"https:\/\/api.w.org\/{rel}","templated":true}]}}