{"id":1857,"date":"2025-06-11T14:28:42","date_gmt":"2025-06-11T11:28:42","guid":{"rendered":"https:\/\/italwaxfrance.fr\/particulier\/?post_type=product&#038;p=1857"},"modified":"2026-01-28T16:26:12","modified_gmt":"2026-01-28T13:26:12","slug":"selfie-gel-pre-epilation","status":"publish","type":"product","link":"https:\/\/italwaxfrance.fr\/particulier\/product\/selfie-gel-pre-epilation\/","title":{"rendered":"Italwax Selfie Gel Purifiant Avant Epilation"},"content":{"rendered":"<div class=\"woocommerce-product-details__short-description\">\n<div class=\"woocommerce-product-details__short-description\">\n<h2 data-start=\"0\" data-end=\"94\">\ud83c\udf38 Gel Pr\u00e9-\u00c9pilation Selfie \u2013 La pr\u00e9paration parfaite pour une \u00e9pilation douce et efficace<\/h2>\n<p data-start=\"96\" data-end=\"347\">Avant chaque \u00e9pilation, votre peau m\u00e9rite une attention particuli\u00e8re. Le <strong data-start=\"169\" data-end=\"197\">Gel Pr\u00e9-\u00c9pilation Selfie<\/strong> a \u00e9t\u00e9 con\u00e7u pour cela. Sa formule purifiante nettoie en profondeur et pr\u00e9pare parfaitement la peau \u00e0 l\u2019\u00e9pilation, notamment avec la cire sans bandes.<\/p>\n<p data-start=\"349\" data-end=\"566\">Id\u00e9al pour les <strong data-start=\"364\" data-end=\"405\">zones sensibles du visage et du corps<\/strong>, il convient parfaitement au menton, aux sourcils et \u00e0 la l\u00e8vre sup\u00e9rieure. Ce gel \u00e9limine les impuret\u00e9s, le maquillage et les r\u00e9sidus de soins ou de pollution.<\/p>\n<p data-start=\"568\" data-end=\"838\">Gr\u00e2ce \u00e0 sa base d\u2019<strong data-start=\"586\" data-end=\"626\">alcool antiseptique et antibact\u00e9rien<\/strong>, il garantit une hygi\u00e8ne optimale avant l\u2019\u00e9pilation. Il assainit la peau sans l\u2019agresser, laissant une sensation de propret\u00e9 imm\u00e9diate. Sa texture l\u00e9g\u00e8re s\u00e8che rapidement et ne laisse aucun film gras ou collant.<\/p>\n<p data-start=\"840\" data-end=\"1061\">Une peau propre et s\u00e8che permet une <strong data-start=\"876\" data-end=\"910\">meilleure adh\u00e9rence de la cire<\/strong>. R\u00e9sultat : une \u00e9pilation plus efficace, plus nette et moins irritante. Ce gel aide aussi \u00e0 <strong data-start=\"1003\" data-end=\"1041\">r\u00e9duire les rougeurs et inconforts<\/strong> li\u00e9s \u00e0 l\u2019\u00e9pilation.<\/p>\n<p data-start=\"1063\" data-end=\"1286\">Le <strong data-start=\"1066\" data-end=\"1091\">parfum floral d\u00e9licat<\/strong> du Gel Selfie transforme un geste technique en un instant de soin sensoriel. Il laisse une l\u00e9g\u00e8re touche fra\u00eeche et agr\u00e9able sur la peau. Vous vous sentez imm\u00e9diatement propre, fra\u00eeche et pr\u00eate.<\/p>\n<h2 data-start=\"1288\" data-end=\"1475\">Utilisez-le juste avant l\u2019\u00e9pilation<\/h2>\n<p data-start=\"1288\" data-end=\"1475\">Appliquez une petite quantit\u00e9 sur la zone \u00e0 traiter. Massez doucement avec un coton jusqu\u2019\u00e0 ce que la peau soit bien s\u00e8che. Aucun rin\u00e7age n\u00e9cessaire.<\/p>\n<p data-start=\"1477\" data-end=\"1670\">Ce soin pr\u00e9-\u00e9pilation s\u2019adresse \u00e0 toutes celles qui veulent une \u00e9pilation <strong data-start=\"1551\" data-end=\"1602\">plus confortable, plus hygi\u00e9nique et plus douce<\/strong>. Adoptez ce geste simple pour une peau pr\u00e9par\u00e9e, nette et prot\u00e9g\u00e9e.<\/p>\n<p data-start=\"1672\" data-end=\"1841\">\ud83d\udca7 <strong data-start=\"1675\" data-end=\"1710\">Purifie, assainit et rafra\u00eechit<\/strong><br data-start=\"1710\" data-end=\"1713\" \/>\ud83c\udf38 <strong data-start=\"1716\" data-end=\"1753\">Parfum agr\u00e9able et texture l\u00e9g\u00e8re<\/strong><br data-start=\"1753\" data-end=\"1756\" \/>\ud83d\udc4c <strong data-start=\"1759\" data-end=\"1793\">Id\u00e9al pour les zones sensibles<\/strong><br data-start=\"1793\" data-end=\"1796\" \/>\u2728 <strong data-start=\"1798\" data-end=\"1841\">Indispensable avant la cire sans bandes<\/strong><\/p>\n<p data-start=\"1843\" data-end=\"1942\" data-is-last-node=\"\" data-is-only-node=\"\">Faites du Gel Pr\u00e9-\u00c9pilation Selfie votre nouvel alli\u00e9 pour une routine beaut\u00e9 encore plus efficace.<\/p>\n<\/div>\n<form class=\"cart\" action=\"https:\/\/italwaxfrance.fr\/lotion-pre-epilation\/italwax-selfie-gel-purifiant-pre-epilation-visage\/\" enctype=\"multipart\/form-data\" method=\"post\">\n<div class=\"qib-container\"><\/div>\n<\/form>\n<\/div>\n","protected":false},"excerpt":{"rendered":"<p>\ud83c\udf38 Gel Pr\u00e9-\u00c9pilation Selfie \u2013 La pr\u00e9paration parfaite pour une \u00e9pilation douce et efficace Avant chaque \u00e9pilation, votre peau m\u00e9rite une attention particuli\u00e8re. Le Gel Pr\u00e9-\u00c9pilation Selfie a \u00e9t\u00e9 con\u00e7u pour cela. Sa formule purifiante nettoie en profondeur et pr\u00e9pare parfaitement la peau \u00e0 l\u2019\u00e9pilation, notamment avec la cire sans bandes. Id\u00e9al pour les zones&#8230; <a href=\"https:\/\/italwaxfrance.fr\/particulier\/product\/selfie-gel-pre-epilation\/\">Read More<\/a><\/p>\n","protected":false},"featured_media":1858,"comment_status":"open","ping_status":"closed","template":"","meta":[],"product_brand":[],"product_cat":[26],"product_tag":[],"class_list":{"0":"post-1857","1":"product","2":"type-product","3":"status-publish","4":"has-post-thumbnail","6":"product_cat-produits-pre-epilation","8":"first","9":"instock","10":"taxable","11":"shipping-taxable","12":"purchasable","13":"product-type-simple"},"yoast_head":"<!-- This site is optimized with the Yoast SEO Premium plugin v27.2 (Yoast SEO v27.5) - https:\/\/yoast.com\/product\/yoast-seo-premium-wordpress\/ -->\n<title>Italwax Selfie Gel Purifiant Avant Epilation<\/title>\n<meta name=\"description\" content=\"Pr\u00e9parez votre peau avec le Selfie gel pr\u00e9-\u00e9pilation : purifie, assainit et rafra\u00eechit les zones sensibles avant l\u2019\u00e9pilation \u00e0 la cire.\" \/>\n<meta name=\"robots\" content=\"index, follow, max-snippet:-1, max-image-preview:large, max-video-preview:-1\" \/>\n<link rel=\"canonical\" href=\"https:\/\/italwaxfrance.fr\/particulier\/product\/selfie-gel-pre-epilation\/\" \/>\n<meta property=\"og:locale\" content=\"fr_FR\" \/>\n<meta property=\"og:type\" content=\"article\" \/>\n<meta property=\"og:title\" content=\"Italwax Selfie Gel Purifiant Avant Epilation\" \/>\n<meta property=\"og:description\" content=\"Pr\u00e9parez votre peau avec le Selfie gel pr\u00e9-\u00e9pilation : purifie, assainit et rafra\u00eechit les zones sensibles avant l\u2019\u00e9pilation \u00e0 la cire.\" \/>\n<meta property=\"og:url\" content=\"https:\/\/italwaxfrance.fr\/particulier\/product\/selfie-gel-pre-epilation\/\" \/>\n<meta property=\"og:site_name\" content=\"Italwax France Particulier\" \/>\n<meta property=\"article:modified_time\" content=\"2026-01-28T13:26:12+00:00\" \/>\n<meta property=\"og:image\" content=\"http:\/\/italwaxfrance.fr\/particulier\/wp-content\/uploads\/sites\/12\/2025\/06\/italwax-selfie-pre-wax.gel_-800x800-1.webp\" \/>\n\t<meta property=\"og:image:width\" content=\"800\" \/>\n\t<meta property=\"og:image:height\" content=\"800\" \/>\n\t<meta property=\"og:image:type\" content=\"image\/webp\" \/>\n<meta name=\"twitter:card\" content=\"summary_large_image\" \/>\n<meta name=\"twitter:label1\" content=\"Dur\u00e9e de lecture estim\u00e9e\" \/>\n\t<meta name=\"twitter:data1\" content=\"2 minutes\" \/>\n<script type=\"application\/ld+json\" class=\"yoast-schema-graph\">{\"@context\":\"https:\\\/\\\/schema.org\",\"@graph\":[{\"@type\":\"WebPage\",\"@id\":\"https:\\\/\\\/italwaxfrance.fr\\\/particulier\\\/product\\\/selfie-gel-pre-epilation\\\/\",\"url\":\"https:\\\/\\\/italwaxfrance.fr\\\/particulier\\\/product\\\/selfie-gel-pre-epilation\\\/\",\"name\":\"Italwax Selfie Gel Purifiant Avant Epilation\",\"isPartOf\":{\"@id\":\"https:\\\/\\\/italwaxfrance.fr\\\/particulier\\\/#website\"},\"primaryImageOfPage\":{\"@id\":\"https:\\\/\\\/italwaxfrance.fr\\\/particulier\\\/product\\\/selfie-gel-pre-epilation\\\/#primaryimage\"},\"image\":{\"@id\":\"https:\\\/\\\/italwaxfrance.fr\\\/particulier\\\/product\\\/selfie-gel-pre-epilation\\\/#primaryimage\"},\"thumbnailUrl\":\"https:\\\/\\\/italwaxfrance.fr\\\/particulier\\\/wp-content\\\/uploads\\\/sites\\\/12\\\/2025\\\/06\\\/italwax-selfie-pre-wax.gel_-800x800-1.webp\",\"datePublished\":\"2025-06-11T11:28:42+00:00\",\"dateModified\":\"2026-01-28T13:26:12+00:00\",\"description\":\"Pr\u00e9parez votre peau avec le Selfie gel pr\u00e9-\u00e9pilation : purifie, assainit et rafra\u00eechit les zones sensibles avant l\u2019\u00e9pilation \u00e0 la cire.\",\"breadcrumb\":{\"@id\":\"https:\\\/\\\/italwaxfrance.fr\\\/particulier\\\/product\\\/selfie-gel-pre-epilation\\\/#breadcrumb\"},\"inLanguage\":\"fr-FR\",\"potentialAction\":[{\"@type\":\"ReadAction\",\"target\":[\"https:\\\/\\\/italwaxfrance.fr\\\/particulier\\\/product\\\/selfie-gel-pre-epilation\\\/\"]}]},{\"@type\":\"ImageObject\",\"inLanguage\":\"fr-FR\",\"@id\":\"https:\\\/\\\/italwaxfrance.fr\\\/particulier\\\/product\\\/selfie-gel-pre-epilation\\\/#primaryimage\",\"url\":\"https:\\\/\\\/italwaxfrance.fr\\\/particulier\\\/wp-content\\\/uploads\\\/sites\\\/12\\\/2025\\\/06\\\/italwax-selfie-pre-wax.gel_-800x800-1.webp\",\"contentUrl\":\"https:\\\/\\\/italwaxfrance.fr\\\/particulier\\\/wp-content\\\/uploads\\\/sites\\\/12\\\/2025\\\/06\\\/italwax-selfie-pre-wax.gel_-800x800-1.webp\",\"width\":800,\"height\":800,\"caption\":\"Selfie gel pr\u00e9-\u00e9pilation\"},{\"@type\":\"BreadcrumbList\",\"@id\":\"https:\\\/\\\/italwaxfrance.fr\\\/particulier\\\/product\\\/selfie-gel-pre-epilation\\\/#breadcrumb\",\"itemListElement\":[{\"@type\":\"ListItem\",\"position\":1,\"name\":\"Accueil\",\"item\":\"https:\\\/\\\/italwaxfrance.fr\\\/particulier\\\/\"},{\"@type\":\"ListItem\",\"position\":2,\"name\":\"Score\",\"item\":\"https:\\\/\\\/italwaxfrance.fr\\\/particulier\\\/shop\\\/\"},{\"@type\":\"ListItem\",\"position\":3,\"name\":\"Italwax Selfie Gel Purifiant Avant Epilation\"}]},{\"@type\":\"WebSite\",\"@id\":\"https:\\\/\\\/italwaxfrance.fr\\\/particulier\\\/#website\",\"url\":\"https:\\\/\\\/italwaxfrance.fr\\\/particulier\\\/\",\"name\":\"Italwax France Particulier\",\"description\":\"Cosm\u00e9tiques professionnels\",\"publisher\":{\"@id\":\"https:\\\/\\\/italwaxfrance.fr\\\/particulier\\\/#organization\"},\"potentialAction\":[{\"@type\":\"SearchAction\",\"target\":{\"@type\":\"EntryPoint\",\"urlTemplate\":\"https:\\\/\\\/italwaxfrance.fr\\\/particulier\\\/?s={search_term_string}\"},\"query-input\":{\"@type\":\"PropertyValueSpecification\",\"valueRequired\":true,\"valueName\":\"search_term_string\"}}],\"inLanguage\":\"fr-FR\"},{\"@type\":\"Organization\",\"@id\":\"https:\\\/\\\/italwaxfrance.fr\\\/particulier\\\/#organization\",\"name\":\"Italwax France\",\"url\":\"https:\\\/\\\/italwaxfrance.fr\\\/particulier\\\/\",\"logo\":{\"@type\":\"ImageObject\",\"inLanguage\":\"fr-FR\",\"@id\":\"https:\\\/\\\/italwaxfrance.fr\\\/particulier\\\/#\\\/schema\\\/logo\\\/image\\\/\",\"url\":\"https:\\\/\\\/italwaxfrance.fr\\\/particulier\\\/wp-content\\\/uploads\\\/sites\\\/12\\\/2022\\\/04\\\/logo.png\",\"contentUrl\":\"https:\\\/\\\/italwaxfrance.fr\\\/particulier\\\/wp-content\\\/uploads\\\/sites\\\/12\\\/2022\\\/04\\\/logo.png\",\"width\":334,\"height\":158,\"caption\":\"Italwax France\"},\"image\":{\"@id\":\"https:\\\/\\\/italwaxfrance.fr\\\/particulier\\\/#\\\/schema\\\/logo\\\/image\\\/\"},\"sameAs\":[\"https:\\\/\\\/www.instagram.com\\\/italwaxfrance\\\/\",\"https:\\\/\\\/www.youtube.com\\\/@ItalwaxMedia\"]}]}<\/script>\n<!-- \/ Yoast SEO Premium plugin. -->","yoast_head_json":{"title":"Italwax Selfie Gel Purifiant Avant Epilation","description":"Pr\u00e9parez votre peau avec le Selfie gel pr\u00e9-\u00e9pilation : purifie, assainit et rafra\u00eechit les zones sensibles avant l\u2019\u00e9pilation \u00e0 la cire.","robots":{"index":"index","follow":"follow","max-snippet":"max-snippet:-1","max-image-preview":"max-image-preview:large","max-video-preview":"max-video-preview:-1"},"canonical":"https:\/\/italwaxfrance.fr\/particulier\/product\/selfie-gel-pre-epilation\/","og_locale":"fr_FR","og_type":"article","og_title":"Italwax Selfie Gel Purifiant Avant Epilation","og_description":"Pr\u00e9parez votre peau avec le Selfie gel pr\u00e9-\u00e9pilation : purifie, assainit et rafra\u00eechit les zones sensibles avant l\u2019\u00e9pilation \u00e0 la cire.","og_url":"https:\/\/italwaxfrance.fr\/particulier\/product\/selfie-gel-pre-epilation\/","og_site_name":"Italwax France Particulier","article_modified_time":"2026-01-28T13:26:12+00:00","og_image":[{"width":800,"height":800,"url":"http:\/\/italwaxfrance.fr\/particulier\/wp-content\/uploads\/sites\/12\/2025\/06\/italwax-selfie-pre-wax.gel_-800x800-1.webp","type":"image\/webp"}],"twitter_card":"summary_large_image","twitter_misc":{"Dur\u00e9e de lecture estim\u00e9e":"2 minutes"},"schema":{"@context":"https:\/\/schema.org","@graph":[{"@type":"WebPage","@id":"https:\/\/italwaxfrance.fr\/particulier\/product\/selfie-gel-pre-epilation\/","url":"https:\/\/italwaxfrance.fr\/particulier\/product\/selfie-gel-pre-epilation\/","name":"Italwax Selfie Gel Purifiant Avant Epilation","isPartOf":{"@id":"https:\/\/italwaxfrance.fr\/particulier\/#website"},"primaryImageOfPage":{"@id":"https:\/\/italwaxfrance.fr\/particulier\/product\/selfie-gel-pre-epilation\/#primaryimage"},"image":{"@id":"https:\/\/italwaxfrance.fr\/particulier\/product\/selfie-gel-pre-epilation\/#primaryimage"},"thumbnailUrl":"https:\/\/italwaxfrance.fr\/particulier\/wp-content\/uploads\/sites\/12\/2025\/06\/italwax-selfie-pre-wax.gel_-800x800-1.webp","datePublished":"2025-06-11T11:28:42+00:00","dateModified":"2026-01-28T13:26:12+00:00","description":"Pr\u00e9parez votre peau avec le Selfie gel pr\u00e9-\u00e9pilation : purifie, assainit et rafra\u00eechit les zones sensibles avant l\u2019\u00e9pilation \u00e0 la cire.","breadcrumb":{"@id":"https:\/\/italwaxfrance.fr\/particulier\/product\/selfie-gel-pre-epilation\/#breadcrumb"},"inLanguage":"fr-FR","potentialAction":[{"@type":"ReadAction","target":["https:\/\/italwaxfrance.fr\/particulier\/product\/selfie-gel-pre-epilation\/"]}]},{"@type":"ImageObject","inLanguage":"fr-FR","@id":"https:\/\/italwaxfrance.fr\/particulier\/product\/selfie-gel-pre-epilation\/#primaryimage","url":"https:\/\/italwaxfrance.fr\/particulier\/wp-content\/uploads\/sites\/12\/2025\/06\/italwax-selfie-pre-wax.gel_-800x800-1.webp","contentUrl":"https:\/\/italwaxfrance.fr\/particulier\/wp-content\/uploads\/sites\/12\/2025\/06\/italwax-selfie-pre-wax.gel_-800x800-1.webp","width":800,"height":800,"caption":"Selfie gel pr\u00e9-\u00e9pilation"},{"@type":"BreadcrumbList","@id":"https:\/\/italwaxfrance.fr\/particulier\/product\/selfie-gel-pre-epilation\/#breadcrumb","itemListElement":[{"@type":"ListItem","position":1,"name":"Accueil","item":"https:\/\/italwaxfrance.fr\/particulier\/"},{"@type":"ListItem","position":2,"name":"Score","item":"https:\/\/italwaxfrance.fr\/particulier\/shop\/"},{"@type":"ListItem","position":3,"name":"Italwax Selfie Gel Purifiant Avant Epilation"}]},{"@type":"WebSite","@id":"https:\/\/italwaxfrance.fr\/particulier\/#website","url":"https:\/\/italwaxfrance.fr\/particulier\/","name":"Italwax France Particulier","description":"Cosm\u00e9tiques professionnels","publisher":{"@id":"https:\/\/italwaxfrance.fr\/particulier\/#organization"},"potentialAction":[{"@type":"SearchAction","target":{"@type":"EntryPoint","urlTemplate":"https:\/\/italwaxfrance.fr\/particulier\/?s={search_term_string}"},"query-input":{"@type":"PropertyValueSpecification","valueRequired":true,"valueName":"search_term_string"}}],"inLanguage":"fr-FR"},{"@type":"Organization","@id":"https:\/\/italwaxfrance.fr\/particulier\/#organization","name":"Italwax France","url":"https:\/\/italwaxfrance.fr\/particulier\/","logo":{"@type":"ImageObject","inLanguage":"fr-FR","@id":"https:\/\/italwaxfrance.fr\/particulier\/#\/schema\/logo\/image\/","url":"https:\/\/italwaxfrance.fr\/particulier\/wp-content\/uploads\/sites\/12\/2022\/04\/logo.png","contentUrl":"https:\/\/italwaxfrance.fr\/particulier\/wp-content\/uploads\/sites\/12\/2022\/04\/logo.png","width":334,"height":158,"caption":"Italwax France"},"image":{"@id":"https:\/\/italwaxfrance.fr\/particulier\/#\/schema\/logo\/image\/"},"sameAs":["https:\/\/www.instagram.com\/italwaxfrance\/","https:\/\/www.youtube.com\/@ItalwaxMedia"]}]}},"_links":{"self":[{"href":"https:\/\/italwaxfrance.fr\/particulier\/wp-json\/wp\/v2\/product\/1857","targetHints":{"allow":["GET"]}}],"collection":[{"href":"https:\/\/italwaxfrance.fr\/particulier\/wp-json\/wp\/v2\/product"}],"about":[{"href":"https:\/\/italwaxfrance.fr\/particulier\/wp-json\/wp\/v2\/types\/product"}],"replies":[{"embeddable":true,"href":"https:\/\/italwaxfrance.fr\/particulier\/wp-json\/wp\/v2\/comments?post=1857"}],"wp:featuredmedia":[{"embeddable":true,"href":"https:\/\/italwaxfrance.fr\/particulier\/wp-json\/wp\/v2\/media\/1858"}],"wp:attachment":[{"href":"https:\/\/italwaxfrance.fr\/particulier\/wp-json\/wp\/v2\/media?parent=1857"}],"wp:term":[{"taxonomy":"product_brand","embeddable":true,"href":"https:\/\/italwaxfrance.fr\/particulier\/wp-json\/wp\/v2\/product_brand?post=1857"},{"taxonomy":"product_cat","embeddable":true,"href":"https:\/\/italwaxfrance.fr\/particulier\/wp-json\/wp\/v2\/product_cat?post=1857"},{"taxonomy":"product_tag","embeddable":true,"href":"https:\/\/italwaxfrance.fr\/particulier\/wp-json\/wp\/v2\/product_tag?post=1857"}],"curies":[{"name":"wp","href":"https:\/\/api.w.org\/{rel}","templated":true}]}}