{"id":1814,"date":"2025-06-10T17:28:40","date_gmt":"2025-06-10T14:28:40","guid":{"rendered":"https:\/\/italwaxfrance.fr\/particulier\/?post_type=product&#038;p=1814"},"modified":"2026-01-28T15:11:00","modified_gmt":"2026-01-28T12:11:00","slug":"help-line-masque","status":"publish","type":"product","link":"https:\/\/italwaxfrance.fr\/particulier\/product\/help-line-masque\/","title":{"rendered":"Help Line Masque &#8211;  Peau soign\u00e9e apr\u00e8s l&rsquo;\u00e9pilation"},"content":{"rendered":"<h2 data-start=\"176\" data-end=\"239\"><strong data-start=\"180\" data-end=\"239\">Help Line Masque \u2013 Le masque apaisant apr\u00e8s l\u2019\u00e9pilation<\/strong><\/h2>\n<p data-start=\"241\" data-end=\"485\">Votre peau est sujette aux rougeurs ? Votre peau est irrit\u00e9e apr\u00e8s l\u2019\u00e9pilation ? Pour que votre peau reste soign\u00e9e, offrez-lui un moment de r\u00e9confort avec <strong data-start=\"351\" data-end=\"371\">Help Line Masque<\/strong>, un soin sp\u00e9cialement con\u00e7u pour calmer, apaiser et prot\u00e9ger les zones sensibles imm\u00e9diatement apr\u00e8s l&rsquo;\u00e9pilation.<\/p>\n<p data-start=\"487\" data-end=\"676\">\ud83d\udca7 <strong data-start=\"490\" data-end=\"511\">Apaise en douceur<\/strong><br data-start=\"511\" data-end=\"514\" \/>La texture l\u00e9g\u00e8re de la masque post-\u00e9pilation \u00e0 laisser poser procure une <strong data-start=\"560\" data-end=\"596\">sensation de fra\u00eecheur imm\u00e9diate<\/strong>, tout en apaisant durablement les sensations d\u2019\u00e9chauffement ou de tiraillement.<\/p>\n<p data-start=\"678\" data-end=\"722\">\ud83c\udf3f <strong data-start=\"681\" data-end=\"720\">Formule naturelle et ultra-efficace<\/strong><\/p>\n<ul data-start=\"723\" data-end=\"1124\">\n<li data-start=\"723\" data-end=\"949\">\n<p data-start=\"725\" data-end=\"949\"><strong data-start=\"725\" data-end=\"737\">Calamine<\/strong> : Un actif apaisant reconnu, qui att\u00e9nue les rougeurs, soulage les irritations et aide la peau \u00e0 se r\u00e9g\u00e9n\u00e9rer. Elle cr\u00e9e aussi une fine barri\u00e8re protectrice pour laisser la peau respirer tout en la prot\u00e9geant.<\/p>\n<\/li>\n<li data-start=\"950\" data-end=\"1124\">\n<p data-start=\"952\" data-end=\"1124\"><strong data-start=\"952\" data-end=\"985\">Huile essentielle de Tea Tree<\/strong> : Connue pour ses propri\u00e9t\u00e9s purifiantes et antibact\u00e9riennes, elle aide \u00e0 pr\u00e9venir les petits boutons et poils incarn\u00e9s apr\u00e8s l\u2019\u00e9pilation.<\/p>\n<\/li>\n<\/ul>\n<p data-start=\"1126\" data-end=\"1150\">\ud83e\uddd6\u200d\u2640\ufe0f <strong data-start=\"1132\" data-end=\"1148\">Id\u00e9al pour :<\/strong><\/p>\n<ul data-start=\"1151\" data-end=\"1414\">\n<li data-start=\"1151\" data-end=\"1219\">\n<p data-start=\"1153\" data-end=\"1219\">Calmer la peau apr\u00e8s l\u2019\u00e9pilation (jambes, maillot, aisselles&#8230;)<\/p>\n<\/li>\n<li data-start=\"1220\" data-end=\"1271\">\n<p data-start=\"1222\" data-end=\"1271\">Les premi\u00e8res \u00e9pilations ou les zones sensibles<\/p>\n<\/li>\n<li data-start=\"1272\" data-end=\"1340\">\n<p data-start=\"1274\" data-end=\"1340\">Apporter une sensation de confort sans avoir \u00e0 rincer le produit<\/p>\n<\/li>\n<li data-start=\"1341\" data-end=\"1414\">\n<p data-start=\"1343\" data-end=\"1414\">Limiter les r\u00e9actions cutan\u00e9es, tout en laissant la peau douce et nette<\/p>\n<\/li>\n<\/ul>\n<p data-start=\"1416\" data-end=\"1646\">\u2728 <strong data-start=\"1418\" data-end=\"1461\">Un geste simple, un vrai moment de soin<\/strong><br data-start=\"1461\" data-end=\"1464\" \/>Appliquez une fine couche sur peau propre apr\u00e8s l\u2019\u00e9pilation, laissez poser et&#8230; c\u2019est tout ! Pas besoin de rincer. En quelques minutes, la peau retrouve calme, fra\u00eecheur et confort.<\/p>\n<p data-start=\"1648\" data-end=\"1865\">\ud83d\udc9b <strong data-start=\"1651\" data-end=\"1667\">Le petit + :<\/strong><br data-start=\"1667\" data-end=\"1670\" \/>Parfait pour les peaux r\u00e9actives, ce masque s\u2019int\u00e8gre facilement dans votre routine post-\u00e9pilation \u00e0 la maison. Il devient vite un indispensable pour \u00e9viter rougeurs, petits boutons et inconfort.<\/p>\n","protected":false},"excerpt":{"rendered":"<p>Help Line Masque \u2013 Le masque apaisant apr\u00e8s l\u2019\u00e9pilation Votre peau est sujette aux rougeurs ? Votre peau est irrit\u00e9e apr\u00e8s l\u2019\u00e9pilation ? Pour que votre peau reste soign\u00e9e, offrez-lui un moment de r\u00e9confort avec Help Line Masque, un soin sp\u00e9cialement con\u00e7u pour calmer, apaiser et prot\u00e9ger les zones sensibles imm\u00e9diatement apr\u00e8s l&rsquo;\u00e9pilation. \ud83d\udca7 Apaise&#8230; <a href=\"https:\/\/italwaxfrance.fr\/particulier\/product\/help-line-masque\/\">Read More<\/a><\/p>\n","protected":false},"featured_media":1815,"comment_status":"open","ping_status":"closed","template":"","meta":[],"product_brand":[],"product_cat":[17,42],"product_tag":[],"class_list":{"0":"post-1814","1":"product","2":"type-product","3":"status-publish","4":"has-post-thumbnail","6":"product_cat-produits-post-epilation","7":"product_cat-help-line","9":"first","10":"instock","11":"taxable","12":"shipping-taxable","13":"purchasable","14":"product-type-variable"},"yoast_head":"<!-- This site is optimized with the Yoast SEO Premium plugin v27.2 (Yoast SEO v27.5) - https:\/\/yoast.com\/product\/yoast-seo-premium-wordpress\/ -->\n<title>Help Line Masque - Peau soign\u00e9e apr\u00e8s l&#039;\u00e9pilation<\/title>\n<meta name=\"description\" content=\"Le Help Line masque: soin de la peau post-\u00e9pilation sans rin\u00e7age. Calme les rougeurs et les irritations. Parfait pour les peaux sensibles.\" \/>\n<meta name=\"robots\" content=\"index, follow, max-snippet:-1, max-image-preview:large, max-video-preview:-1\" \/>\n<link rel=\"canonical\" href=\"https:\/\/italwaxfrance.fr\/particulier\/product\/help-line-masque\/\" \/>\n<meta property=\"og:locale\" content=\"fr_FR\" \/>\n<meta property=\"og:type\" content=\"article\" \/>\n<meta property=\"og:title\" content=\"Help Line Masque - Peau soign\u00e9e apr\u00e8s l&#039;\u00e9pilation\" \/>\n<meta property=\"og:description\" content=\"Le Help Line masque: soin de la peau post-\u00e9pilation sans rin\u00e7age. Calme les rougeurs et les irritations. Parfait pour les peaux sensibles.\" \/>\n<meta property=\"og:url\" content=\"https:\/\/italwaxfrance.fr\/particulier\/product\/help-line-masque\/\" \/>\n<meta property=\"og:site_name\" content=\"Italwax France Particulier\" \/>\n<meta property=\"article:modified_time\" content=\"2026-01-28T12:11:00+00:00\" \/>\n<meta property=\"og:image\" content=\"http:\/\/italwaxfrance.fr\/particulier\/wp-content\/uploads\/sites\/12\/2025\/05\/HELP-LINE-Help-Mask-250g.webp\" \/>\n\t<meta property=\"og:image:width\" content=\"2000\" \/>\n\t<meta property=\"og:image:height\" content=\"2000\" \/>\n\t<meta property=\"og:image:type\" content=\"image\/webp\" \/>\n<meta name=\"twitter:card\" content=\"summary_large_image\" \/>\n<meta name=\"twitter:label1\" content=\"Dur\u00e9e de lecture estim\u00e9e\" \/>\n\t<meta name=\"twitter:data1\" content=\"2 minutes\" \/>\n<script type=\"application\/ld+json\" class=\"yoast-schema-graph\">{\"@context\":\"https:\\\/\\\/schema.org\",\"@graph\":[{\"@type\":\"WebPage\",\"@id\":\"https:\\\/\\\/italwaxfrance.fr\\\/particulier\\\/product\\\/help-line-masque\\\/\",\"url\":\"https:\\\/\\\/italwaxfrance.fr\\\/particulier\\\/product\\\/help-line-masque\\\/\",\"name\":\"Help Line Masque - Peau soign\u00e9e apr\u00e8s l'\u00e9pilation\",\"isPartOf\":{\"@id\":\"https:\\\/\\\/italwaxfrance.fr\\\/particulier\\\/#website\"},\"primaryImageOfPage\":{\"@id\":\"https:\\\/\\\/italwaxfrance.fr\\\/particulier\\\/product\\\/help-line-masque\\\/#primaryimage\"},\"image\":{\"@id\":\"https:\\\/\\\/italwaxfrance.fr\\\/particulier\\\/product\\\/help-line-masque\\\/#primaryimage\"},\"thumbnailUrl\":\"https:\\\/\\\/italwaxfrance.fr\\\/particulier\\\/wp-content\\\/uploads\\\/sites\\\/12\\\/2025\\\/05\\\/HELP-LINE-Help-Mask-250g.webp\",\"datePublished\":\"2025-06-10T14:28:40+00:00\",\"dateModified\":\"2026-01-28T12:11:00+00:00\",\"description\":\"Le Help Line masque: soin de la peau post-\u00e9pilation sans rin\u00e7age. Calme les rougeurs et les irritations. Parfait pour les peaux sensibles.\",\"breadcrumb\":{\"@id\":\"https:\\\/\\\/italwaxfrance.fr\\\/particulier\\\/product\\\/help-line-masque\\\/#breadcrumb\"},\"inLanguage\":\"fr-FR\",\"potentialAction\":[{\"@type\":\"ReadAction\",\"target\":[\"https:\\\/\\\/italwaxfrance.fr\\\/particulier\\\/product\\\/help-line-masque\\\/\"]}]},{\"@type\":\"ImageObject\",\"inLanguage\":\"fr-FR\",\"@id\":\"https:\\\/\\\/italwaxfrance.fr\\\/particulier\\\/product\\\/help-line-masque\\\/#primaryimage\",\"url\":\"https:\\\/\\\/italwaxfrance.fr\\\/particulier\\\/wp-content\\\/uploads\\\/sites\\\/12\\\/2025\\\/05\\\/HELP-LINE-Help-Mask-250g.webp\",\"contentUrl\":\"https:\\\/\\\/italwaxfrance.fr\\\/particulier\\\/wp-content\\\/uploads\\\/sites\\\/12\\\/2025\\\/05\\\/HELP-LINE-Help-Mask-250g.webp\",\"width\":2000,\"height\":2000,\"caption\":\"Help Line Masque\"},{\"@type\":\"BreadcrumbList\",\"@id\":\"https:\\\/\\\/italwaxfrance.fr\\\/particulier\\\/product\\\/help-line-masque\\\/#breadcrumb\",\"itemListElement\":[{\"@type\":\"ListItem\",\"position\":1,\"name\":\"Accueil\",\"item\":\"https:\\\/\\\/italwaxfrance.fr\\\/particulier\\\/\"},{\"@type\":\"ListItem\",\"position\":2,\"name\":\"Score\",\"item\":\"https:\\\/\\\/italwaxfrance.fr\\\/particulier\\\/shop\\\/\"},{\"@type\":\"ListItem\",\"position\":3,\"name\":\"Help Line Masque &#8211; Peau soign\u00e9e apr\u00e8s l&rsquo;\u00e9pilation\"}]},{\"@type\":\"WebSite\",\"@id\":\"https:\\\/\\\/italwaxfrance.fr\\\/particulier\\\/#website\",\"url\":\"https:\\\/\\\/italwaxfrance.fr\\\/particulier\\\/\",\"name\":\"Italwax France Particulier\",\"description\":\"Cosm\u00e9tiques professionnels\",\"publisher\":{\"@id\":\"https:\\\/\\\/italwaxfrance.fr\\\/particulier\\\/#organization\"},\"potentialAction\":[{\"@type\":\"SearchAction\",\"target\":{\"@type\":\"EntryPoint\",\"urlTemplate\":\"https:\\\/\\\/italwaxfrance.fr\\\/particulier\\\/?s={search_term_string}\"},\"query-input\":{\"@type\":\"PropertyValueSpecification\",\"valueRequired\":true,\"valueName\":\"search_term_string\"}}],\"inLanguage\":\"fr-FR\"},{\"@type\":\"Organization\",\"@id\":\"https:\\\/\\\/italwaxfrance.fr\\\/particulier\\\/#organization\",\"name\":\"Italwax France\",\"url\":\"https:\\\/\\\/italwaxfrance.fr\\\/particulier\\\/\",\"logo\":{\"@type\":\"ImageObject\",\"inLanguage\":\"fr-FR\",\"@id\":\"https:\\\/\\\/italwaxfrance.fr\\\/particulier\\\/#\\\/schema\\\/logo\\\/image\\\/\",\"url\":\"https:\\\/\\\/italwaxfrance.fr\\\/particulier\\\/wp-content\\\/uploads\\\/sites\\\/12\\\/2022\\\/04\\\/logo.png\",\"contentUrl\":\"https:\\\/\\\/italwaxfrance.fr\\\/particulier\\\/wp-content\\\/uploads\\\/sites\\\/12\\\/2022\\\/04\\\/logo.png\",\"width\":334,\"height\":158,\"caption\":\"Italwax France\"},\"image\":{\"@id\":\"https:\\\/\\\/italwaxfrance.fr\\\/particulier\\\/#\\\/schema\\\/logo\\\/image\\\/\"},\"sameAs\":[\"https:\\\/\\\/www.instagram.com\\\/italwaxfrance\\\/\",\"https:\\\/\\\/www.youtube.com\\\/@ItalwaxMedia\"]}]}<\/script>\n<!-- \/ Yoast SEO Premium plugin. -->","yoast_head_json":{"title":"Help Line Masque - Peau soign\u00e9e apr\u00e8s l'\u00e9pilation","description":"Le Help Line masque: soin de la peau post-\u00e9pilation sans rin\u00e7age. Calme les rougeurs et les irritations. Parfait pour les peaux sensibles.","robots":{"index":"index","follow":"follow","max-snippet":"max-snippet:-1","max-image-preview":"max-image-preview:large","max-video-preview":"max-video-preview:-1"},"canonical":"https:\/\/italwaxfrance.fr\/particulier\/product\/help-line-masque\/","og_locale":"fr_FR","og_type":"article","og_title":"Help Line Masque - Peau soign\u00e9e apr\u00e8s l'\u00e9pilation","og_description":"Le Help Line masque: soin de la peau post-\u00e9pilation sans rin\u00e7age. Calme les rougeurs et les irritations. Parfait pour les peaux sensibles.","og_url":"https:\/\/italwaxfrance.fr\/particulier\/product\/help-line-masque\/","og_site_name":"Italwax France Particulier","article_modified_time":"2026-01-28T12:11:00+00:00","og_image":[{"width":2000,"height":2000,"url":"http:\/\/italwaxfrance.fr\/particulier\/wp-content\/uploads\/sites\/12\/2025\/05\/HELP-LINE-Help-Mask-250g.webp","type":"image\/webp"}],"twitter_card":"summary_large_image","twitter_misc":{"Dur\u00e9e de lecture estim\u00e9e":"2 minutes"},"schema":{"@context":"https:\/\/schema.org","@graph":[{"@type":"WebPage","@id":"https:\/\/italwaxfrance.fr\/particulier\/product\/help-line-masque\/","url":"https:\/\/italwaxfrance.fr\/particulier\/product\/help-line-masque\/","name":"Help Line Masque - Peau soign\u00e9e apr\u00e8s l'\u00e9pilation","isPartOf":{"@id":"https:\/\/italwaxfrance.fr\/particulier\/#website"},"primaryImageOfPage":{"@id":"https:\/\/italwaxfrance.fr\/particulier\/product\/help-line-masque\/#primaryimage"},"image":{"@id":"https:\/\/italwaxfrance.fr\/particulier\/product\/help-line-masque\/#primaryimage"},"thumbnailUrl":"https:\/\/italwaxfrance.fr\/particulier\/wp-content\/uploads\/sites\/12\/2025\/05\/HELP-LINE-Help-Mask-250g.webp","datePublished":"2025-06-10T14:28:40+00:00","dateModified":"2026-01-28T12:11:00+00:00","description":"Le Help Line masque: soin de la peau post-\u00e9pilation sans rin\u00e7age. Calme les rougeurs et les irritations. Parfait pour les peaux sensibles.","breadcrumb":{"@id":"https:\/\/italwaxfrance.fr\/particulier\/product\/help-line-masque\/#breadcrumb"},"inLanguage":"fr-FR","potentialAction":[{"@type":"ReadAction","target":["https:\/\/italwaxfrance.fr\/particulier\/product\/help-line-masque\/"]}]},{"@type":"ImageObject","inLanguage":"fr-FR","@id":"https:\/\/italwaxfrance.fr\/particulier\/product\/help-line-masque\/#primaryimage","url":"https:\/\/italwaxfrance.fr\/particulier\/wp-content\/uploads\/sites\/12\/2025\/05\/HELP-LINE-Help-Mask-250g.webp","contentUrl":"https:\/\/italwaxfrance.fr\/particulier\/wp-content\/uploads\/sites\/12\/2025\/05\/HELP-LINE-Help-Mask-250g.webp","width":2000,"height":2000,"caption":"Help Line Masque"},{"@type":"BreadcrumbList","@id":"https:\/\/italwaxfrance.fr\/particulier\/product\/help-line-masque\/#breadcrumb","itemListElement":[{"@type":"ListItem","position":1,"name":"Accueil","item":"https:\/\/italwaxfrance.fr\/particulier\/"},{"@type":"ListItem","position":2,"name":"Score","item":"https:\/\/italwaxfrance.fr\/particulier\/shop\/"},{"@type":"ListItem","position":3,"name":"Help Line Masque &#8211; Peau soign\u00e9e apr\u00e8s l&rsquo;\u00e9pilation"}]},{"@type":"WebSite","@id":"https:\/\/italwaxfrance.fr\/particulier\/#website","url":"https:\/\/italwaxfrance.fr\/particulier\/","name":"Italwax France Particulier","description":"Cosm\u00e9tiques professionnels","publisher":{"@id":"https:\/\/italwaxfrance.fr\/particulier\/#organization"},"potentialAction":[{"@type":"SearchAction","target":{"@type":"EntryPoint","urlTemplate":"https:\/\/italwaxfrance.fr\/particulier\/?s={search_term_string}"},"query-input":{"@type":"PropertyValueSpecification","valueRequired":true,"valueName":"search_term_string"}}],"inLanguage":"fr-FR"},{"@type":"Organization","@id":"https:\/\/italwaxfrance.fr\/particulier\/#organization","name":"Italwax France","url":"https:\/\/italwaxfrance.fr\/particulier\/","logo":{"@type":"ImageObject","inLanguage":"fr-FR","@id":"https:\/\/italwaxfrance.fr\/particulier\/#\/schema\/logo\/image\/","url":"https:\/\/italwaxfrance.fr\/particulier\/wp-content\/uploads\/sites\/12\/2022\/04\/logo.png","contentUrl":"https:\/\/italwaxfrance.fr\/particulier\/wp-content\/uploads\/sites\/12\/2022\/04\/logo.png","width":334,"height":158,"caption":"Italwax France"},"image":{"@id":"https:\/\/italwaxfrance.fr\/particulier\/#\/schema\/logo\/image\/"},"sameAs":["https:\/\/www.instagram.com\/italwaxfrance\/","https:\/\/www.youtube.com\/@ItalwaxMedia"]}]}},"_links":{"self":[{"href":"https:\/\/italwaxfrance.fr\/particulier\/wp-json\/wp\/v2\/product\/1814","targetHints":{"allow":["GET"]}}],"collection":[{"href":"https:\/\/italwaxfrance.fr\/particulier\/wp-json\/wp\/v2\/product"}],"about":[{"href":"https:\/\/italwaxfrance.fr\/particulier\/wp-json\/wp\/v2\/types\/product"}],"replies":[{"embeddable":true,"href":"https:\/\/italwaxfrance.fr\/particulier\/wp-json\/wp\/v2\/comments?post=1814"}],"wp:featuredmedia":[{"embeddable":true,"href":"https:\/\/italwaxfrance.fr\/particulier\/wp-json\/wp\/v2\/media\/1815"}],"wp:attachment":[{"href":"https:\/\/italwaxfrance.fr\/particulier\/wp-json\/wp\/v2\/media?parent=1814"}],"wp:term":[{"taxonomy":"product_brand","embeddable":true,"href":"https:\/\/italwaxfrance.fr\/particulier\/wp-json\/wp\/v2\/product_brand?post=1814"},{"taxonomy":"product_cat","embeddable":true,"href":"https:\/\/italwaxfrance.fr\/particulier\/wp-json\/wp\/v2\/product_cat?post=1814"},{"taxonomy":"product_tag","embeddable":true,"href":"https:\/\/italwaxfrance.fr\/particulier\/wp-json\/wp\/v2\/product_tag?post=1814"}],"curies":[{"name":"wp","href":"https:\/\/api.w.org\/{rel}","templated":true}]}}