{"id":1045,"date":"2022-05-12T19:27:18","date_gmt":"2022-05-12T16:27:18","guid":{"rendered":"http:\/\/www.italwaxfrance.fr\/particulier\/?post_type=product&#038;p=1045"},"modified":"2026-02-02T17:52:47","modified_gmt":"2026-02-02T14:52:47","slug":"pate-active-poils-incarnes-sous-peaux","status":"publish","type":"product","link":"https:\/\/italwaxfrance.fr\/particulier\/product\/pate-active-poils-incarnes-sous-peaux\/","title":{"rendered":"Soin Poils Incarn\u00e9s &#8211; P\u00e2te Active"},"content":{"rendered":"<h2>P\u00e2te Active Anti-Poils Incarn\u00e9s<\/h2>\n<p>Que faire contre les poils incarn\u00e9s ? D\u00e9couvrez la solution parfaite pour pr\u00e9venir et traiter les poils sous peau avec notre P\u00e2te Active. Cette p\u00e2te cr\u00e9meuse ultra-concentr\u00e9e est sp\u00e9cialement formul\u00e9e pour r\u00e9pondre aux besoins des hommes et des femmes, assurant une peau lisse et saine apr\u00e8s l\u2019\u00e9pilation.<\/p>\n<h3><strong>Bienfaits Cl\u00e9s de p\u00e2te active contre poils incarn\u00e9s:<\/strong><\/h3>\n<ul>\n<li><strong>Exfoliation Puissante<\/strong> : Gr\u00e2ce \u00e0 l\u2019acide salicylique, cette p\u00e2te \u00e9limine efficacement les cellules mortes, r\u00e9duisant ainsi les risques de poils sous peau.<\/li>\n<li><strong>Action Apaisante et Anti-Inflammatoire<\/strong> : Enrichie en extrait d\u2019arbre \u00e0 th\u00e9 et Triclosan, elle calme les rougeurs et gonflements, tout en pr\u00e9venant les inflammations li\u00e9es aux poils incarn\u00e9s.<\/li>\n<li><strong>Hydratation et R\u00e9g\u00e9n\u00e9ration<\/strong> : La vitamine A stimule la r\u00e9g\u00e9n\u00e9ration cellulaire, laissant votre peau douce, apais\u00e9e et visiblement plus saine.<\/li>\n<\/ul>\n<h3><strong>Efficacit\u00e9 Maximale contre les poils incarn\u00e9s:<\/strong><\/h3>\n<p>Sa consistance dense permet une application cibl\u00e9e, garantissant qu\u2019elle reste sur la peau plus longtemps pour une efficacit\u00e9 renforc\u00e9e. Id\u00e9ale pour une utilisation quotidienne ou en traitement intensif.<\/p>\n<h3><strong>Mode d\u2019Emploi :<\/strong><\/h3>\n<ul>\n<li>Appliquez une petite quantit\u00e9 de p\u00e2te directement sur la zone concern\u00e9e.<\/li>\n<li>R\u00e9p\u00e9tez l\u2019application plusieurs fois par jour pour de meilleurs r\u00e9sultats.<\/li>\n<\/ul>\n<h3><strong>Format Pratique :<\/strong><\/h3>\n<p>Pr\u00e9sent\u00e9e dans un tube de 30 ml, la P\u00e2te Active est facile \u00e0 transporter et parfaite pour vos d\u00e9placements.<\/p>\n<p>Pour les grandes zones, disponibile en<em><strong> <a href=\"https:\/\/italwaxfrance.fr\/particulier\/product\/lotion-concentree-poils-sous-peau-traitement\/\">format lotion-spray anti-poils incarn\u00e9s<\/a><\/strong><\/em>.<\/p>\n<p>Prenez soin de votre peau et dites adieu aux poils sous la peau avec ce soin expert con\u00e7u pour r\u00e9pondre aux exigences de tous les types de peaux !<\/p>\n","protected":false},"excerpt":{"rendered":"<p>P\u00e2te Active Anti-Poils Incarn\u00e9s Que faire contre les poils incarn\u00e9s ? D\u00e9couvrez la solution parfaite pour pr\u00e9venir et traiter les poils sous peau avec notre P\u00e2te Active. Cette p\u00e2te cr\u00e9meuse ultra-concentr\u00e9e est sp\u00e9cialement formul\u00e9e pour r\u00e9pondre aux besoins des hommes et des femmes, assurant une peau lisse et saine apr\u00e8s l\u2019\u00e9pilation. Bienfaits Cl\u00e9s de p\u00e2te&#8230; <a href=\"https:\/\/italwaxfrance.fr\/particulier\/product\/pate-active-poils-incarnes-sous-peaux\/\">Read More<\/a><\/p>\n","protected":false},"featured_media":1046,"comment_status":"open","ping_status":"closed","template":"","meta":[],"product_brand":[],"product_cat":[17,41,29],"product_tag":[],"class_list":{"0":"post-1045","1":"product","2":"type-product","3":"status-publish","4":"has-post-thumbnail","6":"product_cat-produits-post-epilation","7":"product_cat-soin-poils-incarnes","8":"product_cat-italwax-poils-incarnes-traitement-poils-incarnes","10":"first","11":"instock","12":"featured","13":"taxable","14":"shipping-taxable","15":"purchasable","16":"product-type-simple"},"yoast_head":"<!-- This site is optimized with the Yoast SEO Premium plugin v27.2 (Yoast SEO v27.5) - https:\/\/yoast.com\/product\/yoast-seo-premium-wordpress\/ -->\n<title>Soin Poils Incarn\u00e9s - P\u00e2te Active - Italwax France Particulier<\/title>\n<meta name=\"description\" content=\"P\u00e2te active anti-poils incarn\u00e9s concentr\u00e9e, exfolie, apaise et pr\u00e9vient l&#039;inflammation. Id\u00e9ale apr\u00e8s \u00e9pilation pour hommes et femmes.\" \/>\n<meta name=\"robots\" content=\"index, follow, max-snippet:-1, max-image-preview:large, max-video-preview:-1\" \/>\n<link rel=\"canonical\" href=\"https:\/\/italwaxfrance.fr\/particulier\/product\/pate-active-poils-incarnes-sous-peaux\/\" \/>\n<meta property=\"og:locale\" content=\"fr_FR\" \/>\n<meta property=\"og:type\" content=\"article\" \/>\n<meta property=\"og:title\" content=\"Soin Poils Incarn\u00e9s - P\u00e2te Active\" \/>\n<meta property=\"og:description\" content=\"P\u00e2te active anti-poils incarn\u00e9s concentr\u00e9e, exfolie, apaise et pr\u00e9vient l&#039;inflammation. Id\u00e9ale apr\u00e8s \u00e9pilation pour hommes et femmes.\" \/>\n<meta property=\"og:url\" content=\"https:\/\/italwaxfrance.fr\/particulier\/product\/pate-active-poils-incarnes-sous-peaux\/\" \/>\n<meta property=\"og:site_name\" content=\"Italwax France Particulier\" \/>\n<meta property=\"article:modified_time\" content=\"2026-02-02T14:52:47+00:00\" \/>\n<meta property=\"og:image\" content=\"http:\/\/italwaxfrance.fr\/particulier\/wp-content\/uploads\/sites\/12\/2022\/05\/italwax-shop-active-paste.jpg\" \/>\n\t<meta property=\"og:image:width\" content=\"1000\" \/>\n\t<meta property=\"og:image:height\" content=\"1000\" \/>\n\t<meta property=\"og:image:type\" content=\"image\/jpeg\" \/>\n<meta name=\"twitter:card\" content=\"summary_large_image\" \/>\n<meta name=\"twitter:label1\" content=\"Dur\u00e9e de lecture estim\u00e9e\" \/>\n\t<meta name=\"twitter:data1\" content=\"2 minutes\" \/>\n<script type=\"application\/ld+json\" class=\"yoast-schema-graph\">{\"@context\":\"https:\\\/\\\/schema.org\",\"@graph\":[{\"@type\":\"WebPage\",\"@id\":\"https:\\\/\\\/italwaxfrance.fr\\\/particulier\\\/product\\\/pate-active-poils-incarnes-sous-peaux\\\/\",\"url\":\"https:\\\/\\\/italwaxfrance.fr\\\/particulier\\\/product\\\/pate-active-poils-incarnes-sous-peaux\\\/\",\"name\":\"Soin Poils Incarn\u00e9s - P\u00e2te Active - Italwax France Particulier\",\"isPartOf\":{\"@id\":\"https:\\\/\\\/italwaxfrance.fr\\\/particulier\\\/#website\"},\"primaryImageOfPage\":{\"@id\":\"https:\\\/\\\/italwaxfrance.fr\\\/particulier\\\/product\\\/pate-active-poils-incarnes-sous-peaux\\\/#primaryimage\"},\"image\":{\"@id\":\"https:\\\/\\\/italwaxfrance.fr\\\/particulier\\\/product\\\/pate-active-poils-incarnes-sous-peaux\\\/#primaryimage\"},\"thumbnailUrl\":\"https:\\\/\\\/italwaxfrance.fr\\\/particulier\\\/wp-content\\\/uploads\\\/sites\\\/12\\\/2022\\\/05\\\/italwax-shop-active-paste.jpg\",\"datePublished\":\"2022-05-12T16:27:18+00:00\",\"dateModified\":\"2026-02-02T14:52:47+00:00\",\"description\":\"P\u00e2te active anti-poils incarn\u00e9s concentr\u00e9e, exfolie, apaise et pr\u00e9vient l'inflammation. Id\u00e9ale apr\u00e8s \u00e9pilation pour hommes et femmes.\",\"breadcrumb\":{\"@id\":\"https:\\\/\\\/italwaxfrance.fr\\\/particulier\\\/product\\\/pate-active-poils-incarnes-sous-peaux\\\/#breadcrumb\"},\"inLanguage\":\"fr-FR\",\"potentialAction\":[{\"@type\":\"ReadAction\",\"target\":[\"https:\\\/\\\/italwaxfrance.fr\\\/particulier\\\/product\\\/pate-active-poils-incarnes-sous-peaux\\\/\"]}]},{\"@type\":\"ImageObject\",\"inLanguage\":\"fr-FR\",\"@id\":\"https:\\\/\\\/italwaxfrance.fr\\\/particulier\\\/product\\\/pate-active-poils-incarnes-sous-peaux\\\/#primaryimage\",\"url\":\"https:\\\/\\\/italwaxfrance.fr\\\/particulier\\\/wp-content\\\/uploads\\\/sites\\\/12\\\/2022\\\/05\\\/italwax-shop-active-paste.jpg\",\"contentUrl\":\"https:\\\/\\\/italwaxfrance.fr\\\/particulier\\\/wp-content\\\/uploads\\\/sites\\\/12\\\/2022\\\/05\\\/italwax-shop-active-paste.jpg\",\"width\":1000,\"height\":1000,\"caption\":\"poils sous peaux\"},{\"@type\":\"BreadcrumbList\",\"@id\":\"https:\\\/\\\/italwaxfrance.fr\\\/particulier\\\/product\\\/pate-active-poils-incarnes-sous-peaux\\\/#breadcrumb\",\"itemListElement\":[{\"@type\":\"ListItem\",\"position\":1,\"name\":\"Accueil\",\"item\":\"https:\\\/\\\/italwaxfrance.fr\\\/particulier\\\/\"},{\"@type\":\"ListItem\",\"position\":2,\"name\":\"Score\",\"item\":\"https:\\\/\\\/italwaxfrance.fr\\\/particulier\\\/shop\\\/\"},{\"@type\":\"ListItem\",\"position\":3,\"name\":\"Soin Poils Incarn\u00e9s &#8211; P\u00e2te Active\"}]},{\"@type\":\"WebSite\",\"@id\":\"https:\\\/\\\/italwaxfrance.fr\\\/particulier\\\/#website\",\"url\":\"https:\\\/\\\/italwaxfrance.fr\\\/particulier\\\/\",\"name\":\"Italwax France Particulier\",\"description\":\"Cosm\u00e9tiques professionnels\",\"publisher\":{\"@id\":\"https:\\\/\\\/italwaxfrance.fr\\\/particulier\\\/#organization\"},\"potentialAction\":[{\"@type\":\"SearchAction\",\"target\":{\"@type\":\"EntryPoint\",\"urlTemplate\":\"https:\\\/\\\/italwaxfrance.fr\\\/particulier\\\/?s={search_term_string}\"},\"query-input\":{\"@type\":\"PropertyValueSpecification\",\"valueRequired\":true,\"valueName\":\"search_term_string\"}}],\"inLanguage\":\"fr-FR\"},{\"@type\":\"Organization\",\"@id\":\"https:\\\/\\\/italwaxfrance.fr\\\/particulier\\\/#organization\",\"name\":\"Italwax France\",\"url\":\"https:\\\/\\\/italwaxfrance.fr\\\/particulier\\\/\",\"logo\":{\"@type\":\"ImageObject\",\"inLanguage\":\"fr-FR\",\"@id\":\"https:\\\/\\\/italwaxfrance.fr\\\/particulier\\\/#\\\/schema\\\/logo\\\/image\\\/\",\"url\":\"https:\\\/\\\/italwaxfrance.fr\\\/particulier\\\/wp-content\\\/uploads\\\/sites\\\/12\\\/2022\\\/04\\\/logo.png\",\"contentUrl\":\"https:\\\/\\\/italwaxfrance.fr\\\/particulier\\\/wp-content\\\/uploads\\\/sites\\\/12\\\/2022\\\/04\\\/logo.png\",\"width\":334,\"height\":158,\"caption\":\"Italwax France\"},\"image\":{\"@id\":\"https:\\\/\\\/italwaxfrance.fr\\\/particulier\\\/#\\\/schema\\\/logo\\\/image\\\/\"},\"sameAs\":[\"https:\\\/\\\/www.instagram.com\\\/italwaxfrance\\\/\",\"https:\\\/\\\/www.youtube.com\\\/@ItalwaxMedia\"]}]}<\/script>\n<!-- \/ Yoast SEO Premium plugin. -->","yoast_head_json":{"title":"Soin Poils Incarn\u00e9s - P\u00e2te Active - Italwax France Particulier","description":"P\u00e2te active anti-poils incarn\u00e9s concentr\u00e9e, exfolie, apaise et pr\u00e9vient l'inflammation. Id\u00e9ale apr\u00e8s \u00e9pilation pour hommes et femmes.","robots":{"index":"index","follow":"follow","max-snippet":"max-snippet:-1","max-image-preview":"max-image-preview:large","max-video-preview":"max-video-preview:-1"},"canonical":"https:\/\/italwaxfrance.fr\/particulier\/product\/pate-active-poils-incarnes-sous-peaux\/","og_locale":"fr_FR","og_type":"article","og_title":"Soin Poils Incarn\u00e9s - P\u00e2te Active","og_description":"P\u00e2te active anti-poils incarn\u00e9s concentr\u00e9e, exfolie, apaise et pr\u00e9vient l'inflammation. Id\u00e9ale apr\u00e8s \u00e9pilation pour hommes et femmes.","og_url":"https:\/\/italwaxfrance.fr\/particulier\/product\/pate-active-poils-incarnes-sous-peaux\/","og_site_name":"Italwax France Particulier","article_modified_time":"2026-02-02T14:52:47+00:00","og_image":[{"width":1000,"height":1000,"url":"http:\/\/italwaxfrance.fr\/particulier\/wp-content\/uploads\/sites\/12\/2022\/05\/italwax-shop-active-paste.jpg","type":"image\/jpeg"}],"twitter_card":"summary_large_image","twitter_misc":{"Dur\u00e9e de lecture estim\u00e9e":"2 minutes"},"schema":{"@context":"https:\/\/schema.org","@graph":[{"@type":"WebPage","@id":"https:\/\/italwaxfrance.fr\/particulier\/product\/pate-active-poils-incarnes-sous-peaux\/","url":"https:\/\/italwaxfrance.fr\/particulier\/product\/pate-active-poils-incarnes-sous-peaux\/","name":"Soin Poils Incarn\u00e9s - P\u00e2te Active - Italwax France Particulier","isPartOf":{"@id":"https:\/\/italwaxfrance.fr\/particulier\/#website"},"primaryImageOfPage":{"@id":"https:\/\/italwaxfrance.fr\/particulier\/product\/pate-active-poils-incarnes-sous-peaux\/#primaryimage"},"image":{"@id":"https:\/\/italwaxfrance.fr\/particulier\/product\/pate-active-poils-incarnes-sous-peaux\/#primaryimage"},"thumbnailUrl":"https:\/\/italwaxfrance.fr\/particulier\/wp-content\/uploads\/sites\/12\/2022\/05\/italwax-shop-active-paste.jpg","datePublished":"2022-05-12T16:27:18+00:00","dateModified":"2026-02-02T14:52:47+00:00","description":"P\u00e2te active anti-poils incarn\u00e9s concentr\u00e9e, exfolie, apaise et pr\u00e9vient l'inflammation. Id\u00e9ale apr\u00e8s \u00e9pilation pour hommes et femmes.","breadcrumb":{"@id":"https:\/\/italwaxfrance.fr\/particulier\/product\/pate-active-poils-incarnes-sous-peaux\/#breadcrumb"},"inLanguage":"fr-FR","potentialAction":[{"@type":"ReadAction","target":["https:\/\/italwaxfrance.fr\/particulier\/product\/pate-active-poils-incarnes-sous-peaux\/"]}]},{"@type":"ImageObject","inLanguage":"fr-FR","@id":"https:\/\/italwaxfrance.fr\/particulier\/product\/pate-active-poils-incarnes-sous-peaux\/#primaryimage","url":"https:\/\/italwaxfrance.fr\/particulier\/wp-content\/uploads\/sites\/12\/2022\/05\/italwax-shop-active-paste.jpg","contentUrl":"https:\/\/italwaxfrance.fr\/particulier\/wp-content\/uploads\/sites\/12\/2022\/05\/italwax-shop-active-paste.jpg","width":1000,"height":1000,"caption":"poils sous peaux"},{"@type":"BreadcrumbList","@id":"https:\/\/italwaxfrance.fr\/particulier\/product\/pate-active-poils-incarnes-sous-peaux\/#breadcrumb","itemListElement":[{"@type":"ListItem","position":1,"name":"Accueil","item":"https:\/\/italwaxfrance.fr\/particulier\/"},{"@type":"ListItem","position":2,"name":"Score","item":"https:\/\/italwaxfrance.fr\/particulier\/shop\/"},{"@type":"ListItem","position":3,"name":"Soin Poils Incarn\u00e9s &#8211; P\u00e2te Active"}]},{"@type":"WebSite","@id":"https:\/\/italwaxfrance.fr\/particulier\/#website","url":"https:\/\/italwaxfrance.fr\/particulier\/","name":"Italwax France Particulier","description":"Cosm\u00e9tiques professionnels","publisher":{"@id":"https:\/\/italwaxfrance.fr\/particulier\/#organization"},"potentialAction":[{"@type":"SearchAction","target":{"@type":"EntryPoint","urlTemplate":"https:\/\/italwaxfrance.fr\/particulier\/?s={search_term_string}"},"query-input":{"@type":"PropertyValueSpecification","valueRequired":true,"valueName":"search_term_string"}}],"inLanguage":"fr-FR"},{"@type":"Organization","@id":"https:\/\/italwaxfrance.fr\/particulier\/#organization","name":"Italwax France","url":"https:\/\/italwaxfrance.fr\/particulier\/","logo":{"@type":"ImageObject","inLanguage":"fr-FR","@id":"https:\/\/italwaxfrance.fr\/particulier\/#\/schema\/logo\/image\/","url":"https:\/\/italwaxfrance.fr\/particulier\/wp-content\/uploads\/sites\/12\/2022\/04\/logo.png","contentUrl":"https:\/\/italwaxfrance.fr\/particulier\/wp-content\/uploads\/sites\/12\/2022\/04\/logo.png","width":334,"height":158,"caption":"Italwax France"},"image":{"@id":"https:\/\/italwaxfrance.fr\/particulier\/#\/schema\/logo\/image\/"},"sameAs":["https:\/\/www.instagram.com\/italwaxfrance\/","https:\/\/www.youtube.com\/@ItalwaxMedia"]}]}},"_links":{"self":[{"href":"https:\/\/italwaxfrance.fr\/particulier\/wp-json\/wp\/v2\/product\/1045","targetHints":{"allow":["GET"]}}],"collection":[{"href":"https:\/\/italwaxfrance.fr\/particulier\/wp-json\/wp\/v2\/product"}],"about":[{"href":"https:\/\/italwaxfrance.fr\/particulier\/wp-json\/wp\/v2\/types\/product"}],"replies":[{"embeddable":true,"href":"https:\/\/italwaxfrance.fr\/particulier\/wp-json\/wp\/v2\/comments?post=1045"}],"wp:featuredmedia":[{"embeddable":true,"href":"https:\/\/italwaxfrance.fr\/particulier\/wp-json\/wp\/v2\/media\/1046"}],"wp:attachment":[{"href":"https:\/\/italwaxfrance.fr\/particulier\/wp-json\/wp\/v2\/media?parent=1045"}],"wp:term":[{"taxonomy":"product_brand","embeddable":true,"href":"https:\/\/italwaxfrance.fr\/particulier\/wp-json\/wp\/v2\/product_brand?post=1045"},{"taxonomy":"product_cat","embeddable":true,"href":"https:\/\/italwaxfrance.fr\/particulier\/wp-json\/wp\/v2\/product_cat?post=1045"},{"taxonomy":"product_tag","embeddable":true,"href":"https:\/\/italwaxfrance.fr\/particulier\/wp-json\/wp\/v2\/product_tag?post=1045"}],"curies":[{"name":"wp","href":"https:\/\/api.w.org\/{rel}","templated":true}]}}